CRAN Package Check Results for Package steadyICA

Last updated on 2018-05-14 01:47:05 CEST.

Flavor Version Tinstall Tcheck Ttotal Status Flags
r-devel-linux-x86_64-debian-clang 1.0 9.76 33.34 43.10 NOTE
r-devel-linux-x86_64-debian-gcc 1.0 8.51 30.21 38.72 NOTE
r-devel-linux-x86_64-fedora-clang 1.0 60.83 NOTE
r-devel-linux-x86_64-fedora-gcc 1.0 56.65 NOTE
r-devel-windows-ix86+x86_64 1.0 22.00 104.00 126.00 OK
r-patched-linux-x86_64 1.0 9.49 35.91 45.40 NOTE
r-patched-solaris-x86 1.0 92.70 OK
r-release-linux-x86_64 1.0 10.31 35.60 45.91 NOTE
r-release-windows-ix86+x86_64 1.0 22.00 104.00 126.00 OK
r-release-osx-x86_64 1.0 OK
r-oldrel-windows-ix86+x86_64 1.0 30.00 79.00 109.00 OK
r-oldrel-osx-x86_64 1.0 OK

Check Details

Version: 1.0
Check: compiled code
Result: NOTE
    File ‘steadyICA/libs/steadyICA.so’:
     Found no calls to: ‘R_registerRoutines’, ‘R_useDynamicSymbols’
    
    It is good practice to register native routines and to disable symbol
    search.
    
    See ‘Writing portable packages’ in the ‘Writing R Extensions’ manual.
Flavors: r-devel-linux-x86_64-debian-clang, r-devel-linux-x86_64-debian-gcc, r-devel-linux-x86_64-fedora-clang, r-devel-linux-x86_64-fedora-gcc, r-patched-linux-x86_64, r-release-linux-x86_64