Last updated on 2018-05-14 01:47:05 CEST.
Flavor | Version | Tinstall | Tcheck | Ttotal | Status | Flags |
---|---|---|---|---|---|---|
r-devel-linux-x86_64-debian-clang | 0.1.2 | 7.92 | 99.41 | 107.33 | OK | |
r-devel-linux-x86_64-debian-gcc | 0.1.2 | 6.42 | 85.15 | 91.57 | OK | |
r-devel-linux-x86_64-fedora-clang | 0.1.2 | 142.03 | NOTE | |||
r-devel-linux-x86_64-fedora-gcc | 0.1.2 | 133.60 | NOTE | |||
r-devel-windows-ix86+x86_64 | 0.1.2 | 17.00 | 148.00 | 165.00 | OK | |
r-patched-linux-x86_64 | 0.1.2 | 5.33 | 96.73 | 102.06 | OK | |
r-patched-solaris-x86 | 0.1.2 | 204.80 | NOTE | |||
r-release-linux-x86_64 | 0.1.2 | 4.70 | 95.25 | 99.95 | OK | |
r-release-windows-ix86+x86_64 | 0.1.2 | 17.00 | 148.00 | 165.00 | OK | |
r-release-osx-x86_64 | 0.1.2 | NOTE | ||||
r-oldrel-windows-ix86+x86_64 | 0.1.2 | 20.00 | 131.00 | 151.00 | OK | |
r-oldrel-osx-x86_64 | 0.1.2 | NOTE |
Version: 0.1.2
Check: dependencies in R code
Result: NOTE
Namespaces in Imports field not imported from:
‘huge’ ‘scales’ ‘shinyjs’
All declared Imports should be used.
Flavors: r-devel-linux-x86_64-fedora-clang, r-devel-linux-x86_64-fedora-gcc, r-patched-solaris-x86, r-release-osx-x86_64, r-oldrel-osx-x86_64