Last updated on 2018-05-14 01:47:05 CEST.
Flavor | Version | Tinstall | Tcheck | Ttotal | Status | Flags |
---|---|---|---|---|---|---|
r-devel-linux-x86_64-debian-clang | 1.2.2 | 89.60 | 41.24 | 130.84 | OK | |
r-devel-linux-x86_64-debian-gcc | 1.2.2 | 60.41 | 36.40 | 96.81 | OK | |
r-devel-linux-x86_64-fedora-clang | 1.2.2 | 209.47 | NOTE | |||
r-devel-linux-x86_64-fedora-gcc | 1.2.2 | 154.44 | NOTE | |||
r-devel-windows-ix86+x86_64 | 1.2.2 | 1222.00 | 6.00 | 1228.00 | ERROR | |
r-patched-linux-x86_64 | 1.2.2 | 84.71 | 45.02 | 129.73 | OK | |
r-patched-solaris-x86 | 1.2.2 | 638.70 | NOTE | |||
r-release-linux-x86_64 | 1.2.2 | 83.80 | 44.34 | 128.14 | OK | |
r-release-windows-ix86+x86_64 | 1.2.2 | 1222.00 | 6.00 | 1228.00 | ERROR | |
r-release-osx-x86_64 | 1.2.2 | NOTE | ||||
r-oldrel-windows-ix86+x86_64 | 1.2.2 | 873.00 | 4.00 | 877.00 | ERROR | |
r-oldrel-osx-x86_64 | 1.1.7 | NOTE |
Version: 1.2.2
Check: installed package size
Result: NOTE
installed size is 5.7Mb
sub-directories of 1Mb or more:
libs 5.0Mb
Flavors: r-devel-linux-x86_64-fedora-clang, r-devel-linux-x86_64-fedora-gcc, r-patched-solaris-x86, r-release-osx-x86_64
Version: 1.2.2
Check: whether package can be installed
Result: ERROR
Installation failed.
Flavors: r-devel-windows-ix86+x86_64, r-release-windows-ix86+x86_64, r-oldrel-windows-ix86+x86_64
Version: 1.1.7
Check: installed package size
Result: NOTE
installed size is 31.3Mb
sub-directories of 1Mb or more:
libs 30.7Mb
Flavor: r-oldrel-osx-x86_64