Last updated on 2018-05-14 01:47:05 CEST.
Flavor | Version | Tinstall | Tcheck | Ttotal | Status | Flags |
---|---|---|---|---|---|---|
r-devel-linux-x86_64-debian-clang | 0.2 | 6.36 | 58.09 | 64.45 | OK | |
r-devel-linux-x86_64-debian-gcc | 0.2 | 6.35 | 50.52 | 56.87 | OK | |
r-devel-linux-x86_64-fedora-clang | 0.2 | 87.28 | OK | |||
r-devel-linux-x86_64-fedora-gcc | 0.2 | 86.07 | OK | |||
r-devel-windows-ix86+x86_64 | 0.2 | 10.00 | 84.00 | 94.00 | OK | |
r-patched-linux-x86_64 | 0.2 | 6.67 | 55.41 | 62.08 | NOTE | |
r-patched-solaris-x86 | 0.2 | 114.20 | OK | |||
r-release-linux-x86_64 | 0.2 | 4.77 | 54.50 | 59.27 | NOTE | |
r-release-windows-ix86+x86_64 | 0.2 | 10.00 | 84.00 | 94.00 | OK | |
r-release-osx-x86_64 | 0.2 | OK | ||||
r-oldrel-windows-ix86+x86_64 | 0.2 | 9.00 | 70.00 | 79.00 | OK | |
r-oldrel-osx-x86_64 | 0.2 | OK |
Version: 0.2
Check: DESCRIPTION meta-information
Result: NOTE
Dependence on R version ‘3.3.3’ not with patchlevel 0
Flavors: r-patched-linux-x86_64, r-release-linux-x86_64