CRAN Package Check Results for Package survminer

Last updated on 2018-05-14 01:47:05 CEST.

Flavor Version Tinstall Tcheck Ttotal Status Flags
r-devel-linux-x86_64-debian-clang 0.4.2 11.41 163.24 174.65 OK
r-devel-linux-x86_64-debian-gcc 0.4.2 7.85 138.86 146.71 OK
r-devel-linux-x86_64-fedora-clang 0.4.2 232.08 NOTE
r-devel-linux-x86_64-fedora-gcc 0.4.2 225.92 NOTE
r-devel-windows-ix86+x86_64 0.4.2 25.00 256.00 281.00 NOTE
r-patched-linux-x86_64 0.4.2 8.98 165.64 174.62 OK
r-patched-solaris-x86 0.4.2 290.80 NOTE
r-release-linux-x86_64 0.4.2 8.58 168.12 176.70 OK
r-release-windows-ix86+x86_64 0.4.2 25.00 256.00 281.00 NOTE
r-release-osx-x86_64 0.4.2 NOTE
r-oldrel-windows-ix86+x86_64 0.4.2 14.00 201.00 215.00 NOTE
r-oldrel-osx-x86_64 0.4.2 NOTE

Check Details

Version: 0.4.2
Check: installed package size
Result: NOTE
     installed size is 5.6Mb
     sub-directories of 1Mb or more:
     doc 5.1Mb
Flavors: r-devel-linux-x86_64-fedora-clang, r-devel-linux-x86_64-fedora-gcc, r-devel-windows-ix86+x86_64, r-patched-solaris-x86, r-release-windows-ix86+x86_64, r-release-osx-x86_64, r-oldrel-windows-ix86+x86_64, r-oldrel-osx-x86_64