CRAN Package Check Results for Package sybilccFBA

Last updated on 2018-05-14 01:47:05 CEST.

Flavor Version Tinstall Tcheck Ttotal Status Flags
r-devel-linux-x86_64-debian-clang 2.0.0 5.57 64.73 70.30 NOTE
r-devel-linux-x86_64-debian-gcc 2.0.0 6.33 58.06 64.39 NOTE
r-devel-linux-x86_64-fedora-clang 2.0.0 97.02 NOTE
r-devel-linux-x86_64-fedora-gcc 2.0.0 94.24 NOTE
r-devel-windows-ix86+x86_64 2.0.0 10.00 91.00 101.00 NOTE
r-patched-linux-x86_64 2.0.0 5.43 61.76 67.19 NOTE
r-patched-solaris-x86 2.0.0 130.00 NOTE
r-release-linux-x86_64 2.0.0 5.68 61.67 67.35 NOTE
r-release-windows-ix86+x86_64 2.0.0 10.00 91.00 101.00 NOTE
r-release-osx-x86_64 2.0.0 NOTE
r-oldrel-windows-ix86+x86_64 2.0.0 12.00 62.00 74.00 NOTE
r-oldrel-osx-x86_64 2.0.0 NOTE

Check Details

Version: 2.0.0
Check: R code for possible problems
Result: NOTE
    calc_MW: no visible global function definition for ‘read.table’
    cfba_moment: no visible global function definition for ‘median’
    cfba_moment: no visible global function definition for ‘write.csv’
    cfba_moment_mr: no visible global function definition for ‘median’
    cfba_moment_mr: no visible global function definition for ‘write.csv’
    cfba_moment_pw: no visible global function definition for ‘median’
    cfba_moment_pw: no visible global function definition for ‘write.csv’
    readmodel: no visible global function definition for ‘as’
    Undefined global functions or variables:
     as median read.table write.csv
    Consider adding
     importFrom("methods", "as")
     importFrom("stats", "median")
     importFrom("utils", "read.table", "write.csv")
    to your NAMESPACE file (and ensure that your DESCRIPTION Imports field
    contains 'methods').
Flavors: r-devel-linux-x86_64-debian-clang, r-devel-linux-x86_64-debian-gcc, r-devel-linux-x86_64-fedora-clang, r-devel-linux-x86_64-fedora-gcc, r-devel-windows-ix86+x86_64, r-patched-linux-x86_64, r-patched-solaris-x86, r-release-linux-x86_64, r-release-windows-ix86+x86_64, r-release-osx-x86_64, r-oldrel-windows-ix86+x86_64, r-oldrel-osx-x86_64

Version: 2.0.0
Check: package dependencies
Result: NOTE
    Package suggested but not available for checking: ‘cplexAPI’
Flavors: r-devel-linux-x86_64-fedora-clang, r-devel-linux-x86_64-fedora-gcc, r-devel-windows-ix86+x86_64, r-patched-solaris-x86, r-release-windows-ix86+x86_64, r-oldrel-windows-ix86+x86_64

Version: 2.0.0
Check: package dependencies
Result: NOTE
    Packages suggested but not available for checking: ‘cplexAPI’ ‘glpkAPI’
Flavors: r-release-osx-x86_64, r-oldrel-osx-x86_64