CRAN Package Check Results for Package taxlist

Last updated on 2018-05-14 01:47:06 CEST.

Flavor Version Tinstall Tcheck Ttotal Status Flags
r-devel-linux-x86_64-debian-clang 0.1.4 4.93 51.98 56.91 OK
r-devel-linux-x86_64-debian-gcc 0.1.4 5.34 45.91 51.25 OK
r-devel-linux-x86_64-fedora-clang 0.1.4 77.67 NOTE
r-devel-linux-x86_64-fedora-gcc 0.1.4 73.49 NOTE
r-devel-windows-ix86+x86_64 0.1.4 16.00 101.00 117.00 OK
r-patched-linux-x86_64 0.1.4 6.55 52.20 58.75 OK
r-patched-solaris-x86 0.1.4 110.40 NOTE
r-release-linux-x86_64 0.1.4 6.46 51.87 58.33 OK
r-release-windows-ix86+x86_64 0.1.4 16.00 101.00 117.00 OK
r-release-osx-x86_64 0.1.4 NOTE
r-oldrel-windows-ix86+x86_64 0.1.4 7.00 92.00 99.00 OK
r-oldrel-osx-x86_64 0.1.3 NOTE

Check Details

Version: 0.1.4
Check: data for non-ASCII characters
Result: NOTE
     Note: found 126 marked UTF-8 strings
Flavors: r-devel-linux-x86_64-fedora-clang, r-devel-linux-x86_64-fedora-gcc, r-patched-solaris-x86, r-release-osx-x86_64

Version: 0.1.3
Check: data for non-ASCII characters
Result: NOTE
     Note: found 126 marked UTF-8 strings
Flavor: r-oldrel-osx-x86_64