Last updated on 2018-05-14 01:47:06 CEST.
Flavor | Version | Tinstall | Tcheck | Ttotal | Status | Flags |
---|---|---|---|---|---|---|
r-devel-linux-x86_64-debian-clang | 0.5.1 | 90.16 | 132.39 | 222.55 | NOTE | |
r-devel-linux-x86_64-debian-gcc | 0.5.1 | 82.69 | 116.06 | 198.75 | NOTE | |
r-devel-linux-x86_64-fedora-clang | 0.5.1 | 322.20 | NOTE | |||
r-devel-linux-x86_64-fedora-gcc | 0.5.1 | 309.27 | NOTE | |||
r-devel-windows-ix86+x86_64 | 0.5.1 | 224.00 | 296.00 | 520.00 | NOTE | |
r-patched-linux-x86_64 | 0.5.1 | 91.81 | 129.25 | 221.06 | NOTE | |
r-patched-solaris-x86 | 0.5.1 | 1120.70 | NOTE | |||
r-release-linux-x86_64 | 0.5.1 | 85.52 | 130.15 | 215.67 | NOTE | |
r-release-windows-ix86+x86_64 | 0.5.1 | 224.00 | 296.00 | 520.00 | NOTE | |
r-release-osx-x86_64 | 0.5.1 | NOTE | ||||
r-oldrel-windows-ix86+x86_64 | 0.5.1 | 248.00 | 247.00 | 495.00 | NOTE | |
r-oldrel-osx-x86_64 | 0.5.1 | NOTE |
Version: 0.5.1
Check: for GNU extensions in Makefiles
Result: NOTE
GNU make is a SystemRequirements.
Flavors: r-devel-linux-x86_64-debian-clang, r-devel-linux-x86_64-debian-gcc, r-devel-linux-x86_64-fedora-clang, r-devel-linux-x86_64-fedora-gcc, r-devel-windows-ix86+x86_64, r-patched-linux-x86_64, r-patched-solaris-x86, r-release-linux-x86_64, r-release-windows-ix86+x86_64, r-release-osx-x86_64, r-oldrel-windows-ix86+x86_64, r-oldrel-osx-x86_64
Version: 0.5.1
Check: installed package size
Result: NOTE
installed size is 12.2Mb
sub-directories of 1Mb or more:
data 2.7Mb
doc 3.6Mb
libs 5.3Mb
Flavors: r-devel-linux-x86_64-fedora-clang, r-devel-linux-x86_64-fedora-gcc, r-devel-windows-ix86+x86_64, r-patched-solaris-x86, r-release-windows-ix86+x86_64, r-release-osx-x86_64, r-oldrel-windows-ix86+x86_64, r-oldrel-osx-x86_64
Version: 0.5.1
Check: dependencies in R code
Result: NOTE
Namespace in Imports field not imported from: ‘irlba’
All declared Imports should be used.
Flavors: r-devel-linux-x86_64-fedora-clang, r-devel-linux-x86_64-fedora-gcc, r-patched-solaris-x86, r-release-osx-x86_64, r-oldrel-osx-x86_64