CRAN Package Check Results for Package tidyverse

Last updated on 2018-05-14 01:47:06 CEST.

Flavor Version Tinstall Tcheck Ttotal Status Flags
r-devel-linux-x86_64-debian-clang 1.2.1 4.84 46.03 50.87 OK
r-devel-linux-x86_64-debian-gcc 1.2.1 3.80 40.17 43.97 OK
r-devel-linux-x86_64-fedora-clang 1.2.1 66.39 NOTE
r-devel-linux-x86_64-fedora-gcc 1.2.1 64.72 NOTE
r-devel-windows-ix86+x86_64 1.2.1 20.00 91.00 111.00 OK
r-patched-linux-x86_64 1.2.1 3.60 44.94 48.54 OK
r-patched-solaris-x86 1.2.1 95.00 NOTE
r-release-linux-x86_64 1.2.1 3.85 44.54 48.39 OK
r-release-windows-ix86+x86_64 1.2.1 20.00 91.00 111.00 OK
r-release-osx-x86_64 1.2.1 NOTE
r-oldrel-windows-ix86+x86_64 1.2.1 10.00 83.00 93.00 OK
r-oldrel-osx-x86_64 1.2.1 NOTE

Check Details

Version: 1.2.1
Check: dependencies in R code
Result: NOTE
    Namespaces in Imports field not imported from:
     ‘dbplyr’ ‘reprex’ ‘rlang’
     All declared Imports should be used.
Flavors: r-devel-linux-x86_64-fedora-clang, r-devel-linux-x86_64-fedora-gcc, r-patched-solaris-x86, r-release-osx-x86_64, r-oldrel-osx-x86_64