Last updated on 2018-05-14 01:47:06 CEST.
Flavor | Version | Tinstall | Tcheck | Ttotal | Status | Flags |
---|---|---|---|---|---|---|
r-devel-linux-x86_64-debian-clang | 0.1.1 | 2.77 | 37.70 | 40.47 | OK | |
r-devel-linux-x86_64-debian-gcc | 0.1.1 | 2.56 | 33.60 | 36.16 | OK | |
r-devel-linux-x86_64-fedora-clang | 0.1.1 | 54.03 | NOTE | |||
r-devel-linux-x86_64-fedora-gcc | 0.1.1 | 52.52 | NOTE | |||
r-devel-windows-ix86+x86_64 | 0.1.1 | 6.00 | 72.00 | 78.00 | OK | |
r-patched-linux-x86_64 | 0.1.1 | 2.38 | 39.37 | 41.75 | OK | |
r-patched-solaris-x86 | 0.1.1 | 77.40 | NOTE | |||
r-release-linux-x86_64 | 0.1.1 | 2.65 | 38.96 | 41.61 | OK | |
r-release-windows-ix86+x86_64 | 0.1.1 | 6.00 | 72.00 | 78.00 | OK | |
r-release-osx-x86_64 | 0.1.1 | NOTE | ||||
r-oldrel-windows-ix86+x86_64 | 0.1.1 | 9.00 | 56.00 | 65.00 | OK | |
r-oldrel-osx-x86_64 | 0.1.1 | NOTE |
Version: 0.1.1
Check: dependencies in R code
Result: NOTE
Namespace in Imports field not imported from: ‘base’
All declared Imports should be used.
Flavors: r-devel-linux-x86_64-fedora-clang, r-devel-linux-x86_64-fedora-gcc, r-patched-solaris-x86, r-release-osx-x86_64, r-oldrel-osx-x86_64