CRAN Package Check Results for Package tiobeindexr

Last updated on 2018-05-14 01:47:07 CEST.

Flavor Version Tinstall Tcheck Ttotal Status Flags
r-devel-linux-x86_64-debian-clang 0.1.0 1.68 14.43 16.11 OK
r-devel-linux-x86_64-debian-gcc 0.1.0 1.39 13.45 14.84 OK
r-devel-linux-x86_64-fedora-clang 0.1.0 21.57 NOTE
r-devel-linux-x86_64-fedora-gcc 0.1.0 20.42 NOTE
r-devel-windows-ix86+x86_64 0.1.0 3.00 47.00 50.00 OK
r-patched-solaris-x86 0.1.0 34.70 NOTE
r-release-linux-x86_64 0.1.0 1.27 15.55 16.82 OK
r-release-windows-ix86+x86_64 0.1.0 3.00 47.00 50.00 OK
r-release-osx-x86_64 0.1.0 NOTE

Check Details

Version: 0.1.0
Check: dependencies in R code
Result: NOTE
    Namespaces in Imports field not imported from:
     ‘rvest’ ‘xml2’
     All declared Imports should be used.
Flavors: r-devel-linux-x86_64-fedora-clang, r-devel-linux-x86_64-fedora-gcc, r-patched-solaris-x86, r-release-osx-x86_64