Last updated on 2018-05-14 01:47:07 CEST.
Flavor | Version | Tinstall | Tcheck | Ttotal | Status | Flags |
---|---|---|---|---|---|---|
r-devel-linux-x86_64-debian-clang | 1.0-0.0 | 0.89 | 20.21 | 21.10 | OK | |
r-devel-linux-x86_64-debian-gcc | 1.0-0.0 | 0.62 | 18.28 | 18.90 | OK | |
r-devel-linux-x86_64-fedora-clang | 1.0-0.0 | 28.52 | OK | |||
r-devel-linux-x86_64-fedora-gcc | 1.0-0.0 | 26.51 | OK | |||
r-devel-windows-ix86+x86_64 | 1.0-0.0 | 3.00 | 45.00 | 48.00 | OK | |
r-patched-linux-x86_64 | 1.0-0.0 | 1.08 | 21.50 | 22.58 | OK | |
r-patched-solaris-x86 | 1.0-0.0 | 46.90 | WARN | |||
r-release-linux-x86_64 | 1.0-0.0 | 1.02 | 21.11 | 22.13 | OK | |
r-release-windows-ix86+x86_64 | 1.0-0.0 | 3.00 | 45.00 | 48.00 | OK | |
r-release-osx-x86_64 | 1.0-0.0 | WARN | ||||
r-oldrel-windows-ix86+x86_64 | 1.0-0.0 | 3.00 | 39.00 | 42.00 | OK | |
r-oldrel-osx-x86_64 | 1.0-0.0 | WARN |
Version: 1.0-0.0
Check: re-building of vignette outputs
Result: WARN
Error in re-building vignettes:
...
Warning in engine$weave(file, quiet = quiet, encoding = enc) :
Pandoc (>= 1.12.3) and/or pandoc-citeproc not available. Falling back to R Markdown v1.
Quitting from lines 13-26 (toOrdinal.Rmd)
Error: processing vignette 'toOrdinal.Rmd' failed with diagnostics:
argument is of length zero
Execution halted
Flavors: r-patched-solaris-x86, r-release-osx-x86_64, r-oldrel-osx-x86_64