Last updated on 2018-05-14 01:47:07 CEST.
Flavor | Version | Tinstall | Tcheck | Ttotal | Status | Flags |
---|---|---|---|---|---|---|
r-devel-linux-x86_64-debian-clang | 0.1-4 | 7.84 | 77.54 | 85.38 | OK | |
r-devel-linux-x86_64-debian-gcc | 0.1-4 | 6.74 | 70.08 | 76.82 | OK | |
r-devel-linux-x86_64-fedora-clang | 0.1-4 | 119.08 | OK | |||
r-devel-linux-x86_64-fedora-gcc | 0.1-4 | 114.31 | OK | |||
r-devel-windows-ix86+x86_64 | 0.1-4 | 13.00 | 125.00 | 138.00 | OK | |
r-patched-linux-x86_64 | 0.1-4 | 8.96 | 77.24 | 86.20 | OK | |
r-patched-solaris-x86 | 0.1-4 | 162.60 | OK | |||
r-release-linux-x86_64 | 0.1-4 | 9.23 | 76.30 | 85.53 | OK | |
r-release-windows-ix86+x86_64 | 0.1-4 | 13.00 | 125.00 | 138.00 | OK | |
r-release-osx-x86_64 | 0.1-4 | OK | ||||
r-oldrel-windows-ix86+x86_64 | 0.1-4 | 9.00 | 100.00 | 109.00 | OK | |
r-oldrel-osx-x86_64 | 0.1-4 | ERROR |
Version: 0.1-4
Check: package dependencies
Result: NOTE
Packages suggested but not available for checking:
‘rgdal’ ‘rgeos’ ‘OpenStreetMap’
Flavor: r-oldrel-osx-x86_64
Version: 0.1-4
Check: Rd cross-references
Result: NOTE
Package unavailable to check Rd xrefs: ‘rgeos’
Flavor: r-oldrel-osx-x86_64
Version: 0.1-4
Check: tests
Result: ERROR
Running ‘tracks.R’ [2s/3s]
Running the tests in ‘tests/tracks.R’ failed.
Complete output:
> Sys.setenv(TZ = "Europe/Berlin")
> # Load required libraries.
>
> library(sp)
> library(spacetime)
> library(trajectories)
> library(rgdal)
Error in library(rgdal) : there is no package called 'rgdal'
Execution halted
Flavor: r-oldrel-osx-x86_64