Last updated on 2018-05-14 01:47:07 CEST.
Flavor | Version | Tinstall | Tcheck | Ttotal | Status | Flags |
---|---|---|---|---|---|---|
r-devel-linux-x86_64-debian-clang | 2014.10-1 | 2.20 | 37.52 | 39.72 | NOTE | |
r-devel-linux-x86_64-debian-gcc | 2014.10-1 | 1.97 | 31.78 | 33.75 | NOTE | |
r-devel-linux-x86_64-fedora-clang | 2014.10-1 | 52.69 | NOTE | |||
r-devel-linux-x86_64-fedora-gcc | 2014.10-1 | 49.50 | NOTE | |||
r-devel-windows-ix86+x86_64 | 2014.10-1 | 5.00 | 74.00 | 79.00 | NOTE | |
r-patched-linux-x86_64 | 2014.10-1 | 1.99 | 39.04 | 41.03 | NOTE | |
r-patched-solaris-x86 | 2014.10-1 | 73.80 | NOTE | |||
r-release-linux-x86_64 | 2014.10-1 | 2.31 | 39.50 | 41.81 | NOTE | |
r-release-windows-ix86+x86_64 | 2014.10-1 | 5.00 | 74.00 | 79.00 | NOTE | |
r-release-osx-x86_64 | 2014.10-1 | NOTE | ||||
r-oldrel-windows-ix86+x86_64 | 2014.10-1 | 5.00 | 50.00 | 55.00 | NOTE | |
r-oldrel-osx-x86_64 | 2014.10-1 | NOTE |
Version: 2014.10-1
Check: R code for possible problems
Result: NOTE
DstandardizedLoadings.TSFmodel: no visible global function definition
for ‘cov’
FAfitStats.TSFmodel: no visible global function definition for ‘cov’
FAfitStats.default: no visible global function definition for ‘cor’
FAfitStats.default: no visible global function definition for
‘factanal’
FAfitStats.default: no visible global function definition for ‘pchisq’
FAmodelFitStats: no visible global function definition for ‘pchisq’
checkResiduals.TSFmodel: no visible global function definition for
‘cov’
distribution.factorsEstEval: no visible global function definition for
‘par’
distribution.factorsEstEval: no visible binding for global variable
‘par’
distribution.factorsEstEval: no visible global function definition for
‘density’
distribution.factorsEstEval: no visible global function definition for
‘matplot’
distribution.factorsEstEval: no visible global function definition for
‘title’
summary.TSFmodel: no visible global function definition for ‘start’
summary.TSFmodel: no visible global function definition for ‘end’
Undefined global functions or variables:
cor cov density end factanal matplot par pchisq start title
Consider adding
importFrom("graphics", "matplot", "par", "title")
importFrom("stats", "cor", "cov", "density", "end", "factanal",
"pchisq", "start")
to your NAMESPACE file.
Flavors: r-devel-linux-x86_64-debian-clang, r-devel-linux-x86_64-debian-gcc, r-devel-linux-x86_64-fedora-clang, r-devel-linux-x86_64-fedora-gcc, r-devel-windows-ix86+x86_64, r-patched-linux-x86_64, r-patched-solaris-x86, r-release-linux-x86_64, r-release-windows-ix86+x86_64, r-release-osx-x86_64, r-oldrel-windows-ix86+x86_64, r-oldrel-osx-x86_64