Last updated on 2018-05-14 01:47:07 CEST.
Flavor | Version | Tinstall | Tcheck | Ttotal | Status | Flags |
---|---|---|---|---|---|---|
r-devel-linux-x86_64-debian-clang | 0.0.3 | 2.15 | 27.23 | 29.38 | OK | |
r-devel-linux-x86_64-debian-gcc | 0.0.3 | 1.70 | 24.35 | 26.05 | OK | |
r-devel-linux-x86_64-fedora-clang | 0.0.3 | 38.46 | OK | |||
r-devel-linux-x86_64-fedora-gcc | 0.0.3 | 37.39 | OK | |||
r-devel-windows-ix86+x86_64 | 0.0.3 | 8.00 | 57.00 | 65.00 | OK | |
r-patched-linux-x86_64 | 0.0.3 | 1.27 | 27.22 | 28.49 | NOTE | |
r-patched-solaris-x86 | 0.0.3 | 58.50 | OK | |||
r-release-linux-x86_64 | 0.0.3 | 1.50 | 27.04 | 28.54 | NOTE | |
r-release-windows-ix86+x86_64 | 0.0.3 | 8.00 | 57.00 | 65.00 | OK | |
r-release-osx-x86_64 | 0.0.3 | OK | ||||
r-oldrel-windows-ix86+x86_64 | 0.0.3 | 4.00 | 40.00 | 44.00 | OK | |
r-oldrel-osx-x86_64 | 0.0.3 | OK |
Version: 0.0.3
Check: DESCRIPTION meta-information
Result: NOTE
Dependence on R version ‘3.3.2’ not with patchlevel 0
Flavors: r-patched-linux-x86_64, r-release-linux-x86_64