CRAN Package Check Results for Package urlshorteneR

Last updated on 2018-05-14 01:47:08 CEST.

Flavor Version Tinstall Tcheck Ttotal Status Flags
r-devel-linux-x86_64-debian-clang 0.9.2 1.12 23.06 24.18 OK
r-devel-linux-x86_64-debian-gcc 0.9.2 1.46 20.50 21.96 OK
r-devel-linux-x86_64-fedora-clang 0.9.2 33.10 OK
r-devel-linux-x86_64-fedora-gcc 0.9.2 30.51 OK
r-devel-windows-ix86+x86_64 0.9.2 4.00 53.00 57.00 OK
r-patched-linux-x86_64 0.9.2 1.47 24.47 25.94 OK
r-patched-solaris-x86 0.9.2 53.20 OK
r-release-linux-x86_64 0.9.2 1.76 24.62 26.38 OK
r-release-windows-ix86+x86_64 0.9.2 4.00 53.00 57.00 OK
r-release-osx-x86_64 0.9.2 OK
r-oldrel-windows-ix86+x86_64 0.9.2 5.00 60.00 65.00 OK
r-oldrel-osx-x86_64 0.9.2 WARN

Check Details

Version: 0.9.2
Check: re-building of vignette outputs
Result: WARN
    Error in re-building vignettes:
     ...
    Warning in engine$weave(file, quiet = quiet, encoding = enc) :
     Pandoc (>= 1.12.3) and/or pandoc-citeproc not available. Falling back to R Markdown v1.
    Quitting from lines 126-127 (Tutorial.Rmd)
    Error: processing vignette 'Tutorial.Rmd' failed with diagnostics:
    lexical error: invalid char in json text.
     <!DOCTYPE html PUBLIC "-//W3C//
     (right here) ------^
    Execution halted
Flavor: r-oldrel-osx-x86_64