Last updated on 2018-05-14 01:47:08 CEST.
Flavor | Version | Tinstall | Tcheck | Ttotal | Status | Flags |
---|---|---|---|---|---|---|
r-devel-linux-x86_64-debian-clang | 0.1.0 | 1.32 | 55.30 | 56.62 | OK | |
r-devel-linux-x86_64-debian-gcc | 0.1.0 | 1.31 | 48.67 | 49.98 | OK | |
r-devel-linux-x86_64-fedora-clang | 0.1.0 | 76.24 | OK | |||
r-devel-linux-x86_64-fedora-gcc | 0.1.0 | 71.70 | OK | |||
r-devel-windows-ix86+x86_64 | 0.1.0 | 8.00 | 100.00 | 108.00 | OK | |
r-patched-linux-x86_64 | 0.1.0 | 1.61 | 58.07 | 59.68 | OK | |
r-patched-solaris-x86 | 0.1.0 | 95.10 | WARN | |||
r-release-linux-x86_64 | 0.1.0 | 1.44 | 57.90 | 59.34 | OK | |
r-release-windows-ix86+x86_64 | 0.1.0 | 8.00 | 100.00 | 108.00 | OK | |
r-release-osx-x86_64 | 0.1.0 | WARN | ||||
r-oldrel-windows-ix86+x86_64 | 0.1.0 | 4.00 | 87.00 | 91.00 | OK | |
r-oldrel-osx-x86_64 | 0.1.0 | WARN |
Version: 0.1.0
Check: re-building of vignette outputs
Result: WARN
Error in re-building vignettes:
...
Warning in engine$weave(file, quiet = quiet, encoding = enc) :
Pandoc (>= 1.12.3) and/or pandoc-citeproc not available. Falling back to R Markdown v1.
Quitting from lines 157-163 (using_visdat.Rmd)
Error: processing vignette 'using_visdat.Rmd' failed with diagnostics:
there is no package called 'webshot'
Execution halted
Flavor: r-patched-solaris-x86
Version: 0.1.0
Check: re-building of vignette outputs
Result: WARN
Error in re-building vignettes:
...
Warning in engine$weave(file, quiet = quiet, encoding = enc) :
Pandoc (>= 1.12.3) and/or pandoc-citeproc not available. Falling back to R Markdown v1.
Quitting from lines 157-163 (using_visdat.Rmd)
Error: processing vignette 'using_visdat.Rmd' failed with diagnostics:
cannot open the connection
Execution halted
Flavors: r-release-osx-x86_64, r-oldrel-osx-x86_64