Last updated on 2018-05-14 01:47:08 CEST.
Flavor | Version | Tinstall | Tcheck | Ttotal | Status | Flags |
---|---|---|---|---|---|---|
r-devel-linux-x86_64-debian-clang | 2.0.3 | 3.76 | 75.87 | 79.63 | OK | |
r-devel-linux-x86_64-debian-gcc | 2.0.3 | 3.04 | 61.45 | 64.49 | OK | |
r-devel-linux-x86_64-fedora-clang | 2.0.3 | 99.84 | NOTE | |||
r-devel-linux-x86_64-fedora-gcc | 2.0.3 | 96.94 | NOTE | |||
r-devel-windows-ix86+x86_64 | 2.0.3 | 12.00 | 119.00 | 131.00 | OK | |
r-patched-linux-x86_64 | 2.0.3 | 2.77 | 73.06 | 75.83 | OK | |
r-patched-solaris-x86 | 2.0.3 | 131.30 | NOTE | |||
r-release-linux-x86_64 | 2.0.3 | 2.83 | 73.25 | 76.08 | OK | |
r-release-windows-ix86+x86_64 | 2.0.3 | 12.00 | 119.00 | 131.00 | OK | |
r-release-osx-x86_64 | 2.0.3 | NOTE | ||||
r-oldrel-windows-ix86+x86_64 | 2.0.3 | 10.00 | 116.00 | 126.00 | OK | |
r-oldrel-osx-x86_64 | 2.0.0 | NOTE |
Version: 2.0.3
Check: dependencies in R code
Result: NOTE
Namespaces in Imports field not imported from:
‘iterators’ ‘knitr’ ‘purrr’ ‘testthat’
All declared Imports should be used.
Flavors: r-devel-linux-x86_64-fedora-clang, r-devel-linux-x86_64-fedora-gcc, r-patched-solaris-x86, r-release-osx-x86_64
Version: 2.0.0
Check: dependencies in R code
Result: NOTE
Namespaces in Imports field not imported from:
‘iterators’ ‘knitr’ ‘purrr’ ‘testthat’
All declared Imports should be used.
Flavor: r-oldrel-osx-x86_64