Last updated on 2018-05-14 01:47:08 CEST.
Flavor | Version | Tinstall | Tcheck | Ttotal | Status | Flags |
---|---|---|---|---|---|---|
r-devel-linux-x86_64-debian-clang | 1.0.1 | 8.91 | 20.71 | 29.62 | OK | |
r-devel-linux-x86_64-debian-gcc | 1.0.1 | 8.94 | 17.92 | 26.86 | OK | |
r-devel-linux-x86_64-fedora-clang | 1.0.1 | 43.46 | NOTE | |||
r-devel-linux-x86_64-fedora-gcc | 1.0.1 | 42.29 | NOTE | |||
r-devel-windows-ix86+x86_64 | 1.0.1 | 20.00 | 52.00 | 72.00 | OK | |
r-patched-linux-x86_64 | 1.0.1 | 10.45 | 21.51 | 31.96 | OK | |
r-patched-solaris-x86 | 1.0.1 | 53.70 | NOTE | |||
r-release-linux-x86_64 | 1.0.1 | 8.89 | 21.46 | 30.35 | OK | |
r-release-windows-ix86+x86_64 | 1.0.1 | 20.00 | 52.00 | 72.00 | OK | |
r-release-osx-x86_64 | 1.0.1 | NOTE | ||||
r-oldrel-windows-ix86+x86_64 | 1.0.1 | 3.00 | 33.00 | 36.00 | OK | |
r-oldrel-osx-x86_64 | 1.0.1 | NOTE |
Version: 1.0.1
Check: dependencies in R code
Result: NOTE
Namespaces in Imports field not imported from:
‘R6’ ‘WRS2’ ‘ggplot2’
All declared Imports should be used.
Flavors: r-devel-linux-x86_64-fedora-clang, r-devel-linux-x86_64-fedora-gcc, r-patched-solaris-x86, r-release-osx-x86_64, r-oldrel-osx-x86_64