Last updated on 2018-05-14 01:47:08 CEST.
Flavor | Version | Tinstall | Tcheck | Ttotal | Status | Flags |
---|---|---|---|---|---|---|
r-devel-linux-x86_64-debian-clang | 4.7 | 2.36 | 19.47 | 21.83 | NOTE | |
r-devel-linux-x86_64-debian-gcc | 4.7 | 2.26 | 17.57 | 19.83 | NOTE | |
r-devel-linux-x86_64-fedora-clang | 4.7 | 29.93 | NOTE | |||
r-devel-linux-x86_64-fedora-gcc | 4.7 | 28.41 | NOTE | |||
r-devel-windows-ix86+x86_64 | 4.7 | 10.00 | 52.00 | 62.00 | NOTE | |
r-patched-linux-x86_64 | 4.7 | 2.55 | 21.29 | 23.84 | NOTE | |
r-patched-solaris-x86 | 4.7 | 45.20 | NOTE | |||
r-release-linux-x86_64 | 4.7 | 2.12 | 21.07 | 23.19 | NOTE | |
r-release-windows-ix86+x86_64 | 4.7 | 10.00 | 52.00 | 62.00 | NOTE | |
r-release-osx-x86_64 | 4.7 | NOTE | ||||
r-oldrel-windows-ix86+x86_64 | 4.7 | 15.00 | 41.00 | 56.00 | NOTE | |
r-oldrel-osx-x86_64 | 4.7 | NOTE |
Version: 4.7
Check: foreign function calls
Result: NOTE
Foreign function call to a different package:
.C("comwr", ..., PACKAGE = "wavethresh")
See chapter ‘System and foreign language interfaces’ in the ‘Writing R
Extensions’ manual.
Flavors: r-devel-linux-x86_64-debian-clang, r-devel-linux-x86_64-debian-gcc, r-devel-linux-x86_64-fedora-clang, r-devel-linux-x86_64-fedora-gcc, r-devel-windows-ix86+x86_64, r-patched-linux-x86_64, r-patched-solaris-x86, r-release-linux-x86_64, r-release-windows-ix86+x86_64, r-release-osx-x86_64, r-oldrel-windows-ix86+x86_64, r-oldrel-osx-x86_64