Last updated on 2018-05-14 01:47:08 CEST.
Flavor | Version | Tinstall | Tcheck | Ttotal | Status | Flags |
---|---|---|---|---|---|---|
r-devel-linux-x86_64-debian-clang | 0.2 | 1.52 | 38.08 | 39.60 | OK | |
r-devel-linux-x86_64-debian-gcc | 0.2 | 1.46 | 33.58 | 35.04 | OK | |
r-devel-linux-x86_64-fedora-clang | 0.2 | 53.14 | NOTE | |||
r-devel-linux-x86_64-fedora-gcc | 0.2 | 50.41 | NOTE | |||
r-devel-windows-ix86+x86_64 | 0.2 | 5.00 | 118.00 | 123.00 | OK | |
r-patched-linux-x86_64 | 0.2 | 2.14 | 41.09 | 43.23 | OK | |
r-patched-solaris-x86 | 0.2 | 76.90 | NOTE | |||
r-release-linux-x86_64 | 0.2 | 1.40 | 41.45 | 42.85 | OK | |
r-release-windows-ix86+x86_64 | 0.2 | 5.00 | 118.00 | 123.00 | OK | |
r-release-osx-x86_64 | 0.2 | NOTE | ||||
r-oldrel-windows-ix86+x86_64 | 0.2 | 3.00 | 97.00 | 100.00 | OK | |
r-oldrel-osx-x86_64 | 0.2 | NOTE |
Version: 0.2
Check: data for non-ASCII characters
Result: NOTE
Note: found 1528 marked UTF-8 strings
Flavors: r-devel-linux-x86_64-fedora-clang, r-devel-linux-x86_64-fedora-gcc, r-patched-solaris-x86, r-release-osx-x86_64, r-oldrel-osx-x86_64