Last updated on 2018-05-14 01:47:09 CEST.
Flavor | Version | Tinstall | Tcheck | Ttotal | Status | Flags |
---|---|---|---|---|---|---|
r-devel-linux-x86_64-debian-clang | 1.1.2 | 1.66 | 17.64 | 19.30 | OK | |
r-devel-linux-x86_64-debian-gcc | 1.1.2 | 1.40 | 15.74 | 17.14 | OK | |
r-devel-linux-x86_64-fedora-clang | 1.1.2 | 25.58 | OK | |||
r-devel-linux-x86_64-fedora-gcc | 1.1.2 | 23.82 | OK | |||
r-devel-windows-ix86+x86_64 | 1.1.2 | 3.00 | 44.00 | 47.00 | OK | |
r-patched-linux-x86_64 | 1.1.2 | 1.62 | 18.67 | 20.29 | NOTE | |
r-patched-solaris-x86 | 1.1.2 | 39.00 | OK | |||
r-release-linux-x86_64 | 1.1.2 | 1.49 | 18.62 | 20.11 | NOTE | |
r-release-windows-ix86+x86_64 | 1.1.2 | 3.00 | 44.00 | 47.00 | OK | |
r-release-osx-x86_64 | 1.1.2 | OK | ||||
r-oldrel-windows-ix86+x86_64 | 1.1.2 | 3.00 | 27.00 | 30.00 | OK | |
r-oldrel-osx-x86_64 | 1.1.2 | OK |
Version: 1.1.2
Check: DESCRIPTION meta-information
Result: NOTE
Dependence on R version ‘3.3.3’ not with patchlevel 0
Flavors: r-patched-linux-x86_64, r-release-linux-x86_64