Last updated on 2018-05-14 01:47:09 CEST.
Flavor | Version | Tinstall | Tcheck | Ttotal | Status | Flags |
---|---|---|---|---|---|---|
r-devel-linux-x86_64-debian-clang | 1.0.2 | 190.66 | 197.56 | 388.22 | OK | |
r-devel-linux-x86_64-debian-gcc | 1.0.2 | 170.38 | 175.18 | 345.56 | OK | |
r-devel-linux-x86_64-fedora-clang | 1.0.2 | 571.04 | NOTE | |||
r-devel-linux-x86_64-fedora-gcc | 1.0.2 | 556.85 | NOTE | |||
r-devel-windows-ix86+x86_64 | 1.0.2 | 391.00 | 426.00 | 817.00 | OK | |
r-patched-linux-x86_64 | 1.0.2 | 207.71 | 213.95 | 421.66 | OK | |
r-patched-solaris-x86 | 1.0.2 | 837.90 | OK | |||
r-release-linux-x86_64 | 1.0.2 | 204.61 | 210.67 | 415.28 | OK | |
r-release-windows-ix86+x86_64 | 1.0.2 | 391.00 | 426.00 | 817.00 | OK | |
r-release-osx-x86_64 | 1.0.2 | NOTE | ||||
r-oldrel-windows-ix86+x86_64 | 1.0.2 | 427.00 | 358.00 | 785.00 | OK | |
r-oldrel-osx-x86_64 | 1.0.2 | NOTE |
Version: 1.0.2
Check: installed package size
Result: NOTE
installed size is 8.6Mb
sub-directories of 1Mb or more:
libs 7.8Mb
Flavors: r-devel-linux-x86_64-fedora-clang, r-devel-linux-x86_64-fedora-gcc, r-release-osx-x86_64, r-oldrel-osx-x86_64