Last updated on 2018-05-14 01:47:09 CEST.
Flavor | Version | Tinstall | Tcheck | Ttotal | Status | Flags |
---|---|---|---|---|---|---|
r-devel-linux-x86_64-debian-clang | 0.2.1 | 4.65 | 140.36 | 145.01 | NOTE | |
r-devel-linux-x86_64-debian-gcc | 0.2.1 | 4.87 | 113.12 | 117.99 | NOTE | |
r-devel-linux-x86_64-fedora-clang | 0.2.1 | 203.29 | NOTE | |||
r-devel-linux-x86_64-fedora-gcc | 0.2.1 | 198.68 | NOTE | |||
r-devel-windows-ix86+x86_64 | 0.2.1 | 12.00 | 242.00 | 254.00 | OK | |
r-patched-linux-x86_64 | 0.2.1 | 5.72 | 142.70 | 148.42 | NOTE | |
r-patched-solaris-x86 | 0.2.1 | 272.30 | OK | |||
r-release-linux-x86_64 | 0.2.1 | 4.55 | 142.25 | 146.80 | NOTE | |
r-release-windows-ix86+x86_64 | 0.2.1 | 12.00 | 242.00 | 254.00 | OK | |
r-release-osx-x86_64 | 0.2.1 | OK | ||||
r-oldrel-windows-ix86+x86_64 | 0.2.1 | 9.00 | 205.00 | 214.00 | OK | |
r-oldrel-osx-x86_64 | 0.2.1 | OK |
Version: 0.2.1
Check: compiled code
Result: NOTE
File ‘xseq/libs/xseq.so’:
Found no call to: ‘R_useDynamicSymbols’
It is good practice to register native routines and to disable symbol
search.
See ‘Writing portable packages’ in the ‘Writing R Extensions’ manual.
Flavors: r-devel-linux-x86_64-debian-clang, r-devel-linux-x86_64-debian-gcc, r-devel-linux-x86_64-fedora-clang, r-devel-linux-x86_64-fedora-gcc, r-patched-linux-x86_64, r-release-linux-x86_64