Last updated on 2018-05-14 01:47:09 CEST.
Flavor | Version | Tinstall | Tcheck | Ttotal | Status | Flags |
---|---|---|---|---|---|---|
r-devel-linux-x86_64-debian-clang | 1.3 | 18.68 | 21.38 | 40.06 | OK | |
r-devel-linux-x86_64-debian-gcc | 1.3 | 16.00 | 18.68 | 34.68 | OK | |
r-devel-linux-x86_64-fedora-clang | 1.3 | 57.59 | OK | |||
r-devel-linux-x86_64-fedora-gcc | 1.3 | 49.59 | OK | |||
r-devel-windows-ix86+x86_64 | 1.3 | 80.00 | 91.00 | 171.00 | NOTE | |
r-patched-linux-x86_64 | 1.3 | 18.39 | 21.19 | 39.58 | OK | |
r-patched-solaris-x86 | 1.3 | 65.20 | OK | |||
r-release-linux-x86_64 | 1.3 | 20.42 | 21.45 | 41.87 | OK | |
r-release-windows-ix86+x86_64 | 1.3 | 80.00 | 91.00 | 171.00 | NOTE | |
r-release-osx-x86_64 | 1.3 | OK | ||||
r-oldrel-windows-ix86+x86_64 | 1.3 | 91.00 | 66.00 | 157.00 | NOTE | |
r-oldrel-osx-x86_64 | 1.3 | OK |
Version: 1.3
Check: installed package size
Result: NOTE
installed size is 6.7Mb
sub-directories of 1Mb or more:
libs 6.6Mb
Flavors: r-devel-windows-ix86+x86_64, r-release-windows-ix86+x86_64, r-oldrel-windows-ix86+x86_64