Last updated on 2018-05-14 01:47:09 CEST.
Flavor | Version | Tinstall | Tcheck | Ttotal | Status | Flags |
---|---|---|---|---|---|---|
r-devel-linux-x86_64-debian-clang | 0.1.1 | 9.18 | 98.45 | 107.63 | OK | |
r-devel-linux-x86_64-debian-gcc | 0.1.1 | 8.91 | 87.58 | 96.49 | OK | |
r-devel-linux-x86_64-fedora-clang | 0.1.1 | 152.59 | NOTE | |||
r-devel-linux-x86_64-fedora-gcc | 0.1.1 | 152.69 | NOTE | |||
r-devel-windows-ix86+x86_64 | 0.1.1 | 36.00 | 175.00 | 211.00 | OK | |
r-patched-linux-x86_64 | 0.1.1 | 7.50 | 94.75 | 102.25 | OK | |
r-patched-solaris-x86 | 0.1.1 | 245.60 | NOTE | |||
r-release-linux-x86_64 | 0.1.1 | 9.08 | 92.00 | 101.08 | OK | |
r-release-windows-ix86+x86_64 | 0.1.1 | 36.00 | 175.00 | 211.00 | OK | |
r-release-osx-x86_64 | 0.1.1 | NOTE | ||||
r-oldrel-windows-ix86+x86_64 | 0.1.1 | 19.00 | 136.00 | 155.00 | OK | |
r-oldrel-osx-x86_64 | 0.1.1 | NOTE |
Version: 0.1.1
Check: dependencies in R code
Result: NOTE
Namespaces in Imports field not imported from:
‘Amelia’ ‘MatchIt’ ‘WhatIf’
All declared Imports should be used.
Flavors: r-devel-linux-x86_64-fedora-clang, r-devel-linux-x86_64-fedora-gcc, r-patched-solaris-x86, r-release-osx-x86_64, r-oldrel-osx-x86_64