Last updated on 2018-06-20 01:50:03 CEST.
Flavor | Version | Tinstall | Tcheck | Ttotal | Status | Flags |
---|---|---|---|---|---|---|
r-devel-linux-x86_64-debian-clang | 0.16.8.25 | 2.72 | 38.48 | 41.20 | OK | |
r-devel-linux-x86_64-debian-gcc | 0.16.8.25 | 2.21 | 30.74 | 32.95 | OK | |
r-devel-linux-x86_64-fedora-clang | 0.16.8.25 | 50.76 | OK | |||
r-devel-linux-x86_64-fedora-gcc | 0.16.8.25 | 47.98 | OK | |||
r-devel-windows-ix86+x86_64 | 0.16.8.25 | 8.00 | 74.00 | 82.00 | OK | |
r-patched-linux-x86_64 | 0.16.8.25 | 2.08 | 35.53 | 37.61 | OK | |
r-patched-solaris-x86 | 0.16.8.25 | 69.30 | OK | |||
r-release-linux-x86_64 | 0.16.8.25 | 2.96 | 35.61 | 38.57 | OK | |
r-release-windows-ix86+x86_64 | 0.16.8.25 | 6.00 | 50.00 | 56.00 | OK | |
r-release-osx-x86_64 | 0.16.8.25 | OK | ||||
r-oldrel-windows-ix86+x86_64 | 0.16.8.25 | 5.00 | 56.00 | 61.00 | OK | |
r-oldrel-osx-x86_64 | 0.16.8.25 | WARN |
Version: 0.16.8.25
Check: re-building of vignette outputs
Result: WARN
Error in re-building vignettes:
...
Warning in engine$weave(file, quiet = quiet, encoding = enc) :
Pandoc (>= 1.12.3) and/or pandoc-citeproc not available. Falling back to R Markdown v1.
Quitting from lines 70-71 (ACSN-vignette.Rmd)
Error: processing vignette 'ACSN-vignette.Rmd' failed with diagnostics:
the table must have a header (column names)
Execution halted
Flavor: r-oldrel-osx-x86_64