Last updated on 2018-06-20 01:50:03 CEST.
Flavor | Version | Tinstall | Tcheck | Ttotal | Status | Flags |
---|---|---|---|---|---|---|
r-devel-linux-x86_64-debian-clang | 1.1 | 6.07 | 67.13 | 73.20 | NOTE | |
r-devel-linux-x86_64-debian-gcc | 1.1 | 4.14 | 54.61 | 58.75 | NOTE | |
r-devel-linux-x86_64-fedora-clang | 1.1 | 87.51 | NOTE | |||
r-devel-linux-x86_64-fedora-gcc | 1.1 | 83.81 | NOTE | |||
r-devel-windows-ix86+x86_64 | 1.1 | 13.00 | 108.00 | 121.00 | NOTE | |
r-patched-linux-x86_64 | 1.1 | 4.48 | 55.89 | 60.37 | NOTE | |
r-patched-solaris-x86 | 1.1 | 118.70 | NOTE | |||
r-release-linux-x86_64 | 1.1 | 5.58 | 55.11 | 60.69 | NOTE | |
r-release-windows-ix86+x86_64 | 1.1 | 9.00 | 70.00 | 79.00 | NOTE | |
r-release-osx-x86_64 | 1.1 | NOTE | ||||
r-oldrel-windows-ix86+x86_64 | 1.1 | 11.00 | 62.00 | 73.00 | NOTE | |
r-oldrel-osx-x86_64 | 1.1 | NOTE |
Version: 1.1
Check: R code for possible problems
Result: NOTE
AMOEBA : Classi: no visible global function definition for ‘sd’
Undefined global functions or variables:
sd
Consider adding
importFrom("stats", "sd")
to your NAMESPACE file.
Flavors: r-devel-linux-x86_64-debian-clang, r-devel-linux-x86_64-debian-gcc, r-devel-linux-x86_64-fedora-clang, r-devel-linux-x86_64-fedora-gcc, r-devel-windows-ix86+x86_64, r-patched-linux-x86_64, r-patched-solaris-x86, r-release-linux-x86_64, r-release-windows-ix86+x86_64, r-release-osx-x86_64, r-oldrel-windows-ix86+x86_64, r-oldrel-osx-x86_64