Last updated on 2018-06-20 01:50:04 CEST.
Flavor | Version | Tinstall | Tcheck | Ttotal | Status | Flags |
---|---|---|---|---|---|---|
r-devel-linux-x86_64-debian-clang | 0.2.0 | 5.07 | 65.19 | 70.26 | OK | |
r-devel-linux-x86_64-debian-gcc | 0.2.0 | 4.69 | 50.81 | 55.50 | OK | |
r-devel-linux-x86_64-fedora-clang | 0.2.0 | 82.27 | OK | |||
r-devel-linux-x86_64-fedora-gcc | 0.2.0 | 80.86 | OK | |||
r-devel-windows-ix86+x86_64 | 0.2.0 | 12.00 | 77.00 | 89.00 | OK | |
r-patched-linux-x86_64 | 0.2.0 | 4.23 | 54.61 | 58.84 | OK | |
r-patched-solaris-x86 | 0.2.0 | 112.90 | OK | |||
r-release-linux-x86_64 | 0.2.0 | 4.53 | 53.85 | 58.38 | OK | |
r-release-windows-ix86+x86_64 | 0.2.0 | 8.00 | 86.00 | 94.00 | OK | |
r-release-osx-x86_64 | 0.2.0 | OK | ||||
r-oldrel-windows-ix86+x86_64 | 0.2.0 | 2.00 | 5.00 | 7.00 | ERROR | |
r-oldrel-osx-x86_64 | 0.2.0 | OK |
Version: 0.2.0
Check: whether package can be installed
Result: ERROR
Installation failed.
Flavor: r-oldrel-windows-ix86+x86_64