Last updated on 2018-06-20 01:50:05 CEST.
Flavor | Version | Tinstall | Tcheck | Ttotal | Status | Flags |
---|---|---|---|---|---|---|
r-devel-linux-x86_64-debian-clang | 1.1 | 6.12 | 38.37 | 44.49 | NOTE | |
r-devel-linux-x86_64-debian-gcc | 1.1 | 5.29 | 29.88 | 35.17 | NOTE | |
r-devel-linux-x86_64-fedora-clang | 1.1 | 53.89 | NOTE | |||
r-devel-linux-x86_64-fedora-gcc | 1.1 | 50.40 | NOTE | |||
r-devel-windows-ix86+x86_64 | 1.1 | 13.00 | 65.00 | 78.00 | NOTE | |
r-patched-linux-x86_64 | 1.1 | 5.81 | 37.80 | 43.61 | NOTE | |
r-patched-solaris-x86 | 1.1 | 70.40 | NOTE | |||
r-release-linux-x86_64 | 1.1 | 5.65 | 37.28 | 42.93 | NOTE | |
r-release-windows-ix86+x86_64 | 1.1 | 9.00 | 61.00 | 70.00 | NOTE | |
r-release-osx-x86_64 | 1.1 | NOTE | ||||
r-oldrel-windows-ix86+x86_64 | 1.1 | 4.00 | 45.00 | 49.00 | NOTE | |
r-oldrel-osx-x86_64 | 1.1 | NOTE |
Version: 1.1
Check: R code for possible problems
Result: NOTE
clusterplots: no visible global function definition for ‘par’
clusterplots: no visible global function definition for ‘rainbow’
clusterplots: no visible global function definition for ‘plot’
clusterplots: no visible global function definition for ‘axis’
clusterplots: no visible global function definition for ‘lines’
diagplots: no visible global function definition for ‘par’
diagplots: no visible global function definition for ‘plot’
diagplots: no visible global function definition for ‘hist’
tseriesca: no visible global function definition for ‘rgamma’
tseriesca: no visible global function definition for ‘runif’
tseriesca: no visible global function definition for ‘dbeta’
tseriesca: no visible global function definition for ‘dgamma’
tseriescm: no visible global function definition for ‘rgamma’
tseriescm: no visible global function definition for ‘runif’
tseriescm: no visible global function definition for ‘dbeta’
tseriescm: no visible global function definition for ‘dgamma’
tseriescq: no visible global function definition for ‘rgamma’
tseriescq: no visible global function definition for ‘runif’
tseriescq: no visible global function definition for ‘dbeta’
tseriescq: no visible global function definition for ‘dgamma’
Undefined global functions or variables:
axis dbeta dgamma hist lines par plot rainbow rgamma runif
Consider adding
importFrom("grDevices", "rainbow")
importFrom("graphics", "axis", "hist", "lines", "par", "plot")
importFrom("stats", "dbeta", "dgamma", "rgamma", "runif")
to your NAMESPACE file.
Flavors: r-devel-linux-x86_64-debian-clang, r-devel-linux-x86_64-debian-gcc, r-devel-linux-x86_64-fedora-clang, r-devel-linux-x86_64-fedora-gcc, r-devel-windows-ix86+x86_64, r-patched-linux-x86_64, r-patched-solaris-x86, r-release-linux-x86_64, r-release-windows-ix86+x86_64, r-release-osx-x86_64, r-oldrel-windows-ix86+x86_64, r-oldrel-osx-x86_64
Version: 1.1
Check: files in ‘vignettes’
Result: NOTE
Package has no Sweave vignette sources and no VignetteBuilder field.
Flavors: r-devel-linux-x86_64-debian-clang, r-devel-linux-x86_64-debian-gcc, r-devel-linux-x86_64-fedora-clang, r-devel-linux-x86_64-fedora-gcc, r-devel-windows-ix86+x86_64, r-patched-linux-x86_64, r-patched-solaris-x86, r-release-linux-x86_64, r-release-windows-ix86+x86_64, r-release-osx-x86_64, r-oldrel-windows-ix86+x86_64, r-oldrel-osx-x86_64