CRAN Package Check Results for Package BTR

Last updated on 2018-06-20 01:50:06 CEST.

Flavor Version Tinstall Tcheck Ttotal Status Flags
r-devel-linux-x86_64-debian-clang 1.2.4 27.46 51.02 78.48 NOTE
r-devel-linux-x86_64-debian-gcc 1.2.4 21.90 38.95 60.85 NOTE
r-devel-linux-x86_64-fedora-clang 1.2.4 97.99 NOTE
r-devel-linux-x86_64-fedora-gcc 1.2.4 90.89 NOTE
r-devel-windows-ix86+x86_64 1.2.4 67.00 110.00 177.00 OK
r-patched-linux-x86_64 1.2.4 33.17 48.57 81.74 NOTE
r-patched-solaris-x86 1.2.4 107.40 OK
r-release-linux-x86_64 1.2.4 24.72 46.98 71.70 NOTE
r-release-windows-ix86+x86_64 1.2.4 49.00 82.00 131.00 OK
r-release-osx-x86_64 1.2.4 OK
r-oldrel-windows-ix86+x86_64 1.2.4 60.00 86.00 146.00 OK
r-oldrel-osx-x86_64 1.2.4 OK

Check Details

Version: 1.2.4
Check: compiled code
Result: NOTE
    File ‘BTR/libs/BTR.so’:
     Found no calls to: ‘R_registerRoutines’, ‘R_useDynamicSymbols’
    
    It is good practice to register native routines and to disable symbol
    search.
    
    See ‘Writing portable packages’ in the ‘Writing R Extensions’ manual.
Flavors: r-devel-linux-x86_64-debian-clang, r-devel-linux-x86_64-debian-gcc, r-devel-linux-x86_64-fedora-clang, r-devel-linux-x86_64-fedora-gcc, r-patched-linux-x86_64, r-release-linux-x86_64