CRAN Package Check Results for Package Barnard

Last updated on 2018-06-20 01:50:04 CEST.

Flavor Version Tinstall Tcheck Ttotal Status Flags
r-devel-linux-x86_64-debian-clang 1.8 1.43 17.37 18.80 NOTE
r-devel-linux-x86_64-debian-gcc 1.8 1.13 13.59 14.72 NOTE
r-devel-linux-x86_64-fedora-clang 1.8 21.97 NOTE
r-devel-linux-x86_64-fedora-gcc 1.8 20.98 NOTE
r-devel-windows-ix86+x86_64 1.8 8.00 44.00 52.00 OK
r-patched-linux-x86_64 1.8 1.19 16.36 17.55 NOTE
r-patched-solaris-x86 1.8 34.00 OK
r-release-linux-x86_64 1.8 1.25 15.93 17.18 NOTE
r-release-windows-ix86+x86_64 1.8 7.00 43.00 50.00 OK
r-release-osx-x86_64 1.8 OK
r-oldrel-windows-ix86+x86_64 1.8 6.00 28.00 34.00 OK
r-oldrel-osx-x86_64 1.8 OK

Check Details

Version: 1.8
Check: compiled code
Result: NOTE
    File ‘Barnard/libs/Barnard.so’:
     Found no calls to: ‘R_registerRoutines’, ‘R_useDynamicSymbols’
    
    It is good practice to register native routines and to disable symbol
    search.
    
    See ‘Writing portable packages’ in the ‘Writing R Extensions’ manual.
Flavors: r-devel-linux-x86_64-debian-clang, r-devel-linux-x86_64-debian-gcc, r-devel-linux-x86_64-fedora-clang, r-devel-linux-x86_64-fedora-gcc, r-patched-linux-x86_64, r-release-linux-x86_64