Last updated on 2018-06-20 01:50:06 CEST.
Flavor | Version | Tinstall | Tcheck | Ttotal | Status | Flags |
---|---|---|---|---|---|---|
r-devel-linux-x86_64-debian-clang | 1.4 | 12.30 | 59.93 | 72.23 | NOTE | |
r-devel-linux-x86_64-debian-gcc | 1.4 | 11.47 | 45.10 | 56.57 | NOTE | |
r-devel-linux-x86_64-fedora-clang | 1.4 | 89.81 | NOTE | |||
r-devel-linux-x86_64-fedora-gcc | 1.4 | 85.47 | NOTE | |||
r-devel-windows-ix86+x86_64 | 1.4 | 35.00 | 76.00 | 111.00 | OK | |
r-patched-linux-x86_64 | 1.4 | 16.38 | 59.96 | 76.34 | NOTE | |
r-patched-solaris-x86 | 1.4 | 112.40 | OK | |||
r-release-linux-x86_64 | 1.4 | 16.91 | 57.93 | 74.84 | NOTE | |
r-release-windows-ix86+x86_64 | 1.4 | 28.00 | 104.00 | 132.00 | OK | |
r-release-osx-x86_64 | 1.4 | OK | ||||
r-oldrel-windows-ix86+x86_64 | 1.4 | 32.00 | 85.00 | 117.00 | OK | |
r-oldrel-osx-x86_64 | 1.4 | OK |
Version: 1.4
Check: compiled code
Result: NOTE
File ‘CDVine/libs/CDVine.so’:
Found no calls to: ‘R_registerRoutines’, ‘R_useDynamicSymbols’
It is good practice to register native routines and to disable symbol
search.
See ‘Writing portable packages’ in the ‘Writing R Extensions’ manual.
Flavors: r-devel-linux-x86_64-debian-clang, r-devel-linux-x86_64-debian-gcc, r-devel-linux-x86_64-fedora-clang, r-devel-linux-x86_64-fedora-gcc, r-patched-linux-x86_64, r-release-linux-x86_64