CRAN Package Check Results for Package CGP

Last updated on 2018-06-20 01:50:06 CEST.

Flavor Version Tinstall Tcheck Ttotal Status Flags
r-devel-linux-x86_64-debian-clang 2.1-1 1.09 18.60 19.69 OK
r-devel-linux-x86_64-debian-gcc 2.1-1 0.94 14.40 15.34 OK
r-devel-linux-x86_64-fedora-clang 2.1-1 23.12 OK
r-devel-linux-x86_64-fedora-gcc 2.1-1 22.28 OK
r-devel-windows-ix86+x86_64 2.1-1 4.00 34.00 38.00 OK
r-patched-linux-x86_64 2.1-1 1.14 17.54 18.68 OK
r-patched-solaris-x86 2.1-1 33.40 OK
r-release-linux-x86_64 2.1-1 1.35 17.32 18.67 OK
r-release-windows-ix86+x86_64 2.1-1 3.00 36.00 39.00 OK
r-release-osx-x86_64 2.1-1 OK
r-oldrel-windows-ix86+x86_64 2.1-1 2.00 24.00 26.00 OK
r-oldrel-osx-x86_64 2.0-2 NOTE

Check Details

Version: 2.0-2
Check: R code for possible problems
Result: NOTE
    CGPEst: no visible global function definition for ‘dist’
    CGPEst : PSI: no visible global function definition for ‘dist’
    CGPEst : Stand_PSI: no visible global function definition for ‘dist’
    CGPEst : Fop: no visible global function definition for ‘optim’
    CGPEst: no visible global function definition for ‘optim’
    plotCGP: no visible global function definition for ‘plot’
    Undefined global functions or variables:
     dist optim plot
    Consider adding
     importFrom("graphics", "plot")
     importFrom("stats", "dist", "optim")
    to your NAMESPACE file.
Flavor: r-oldrel-osx-x86_64