CRAN Package Check Results for Package CINNA

Last updated on 2018-06-20 01:50:06 CEST.

Flavor Version Tinstall Tcheck Ttotal Status Flags
r-devel-linux-x86_64-debian-clang 1.1.41 10.54 163.12 173.66 OK
r-devel-linux-x86_64-debian-gcc 1.1.41 9.63 126.01 135.64 OK
r-devel-linux-x86_64-fedora-clang 1.1.41 203.21 NOTE
r-devel-linux-x86_64-fedora-gcc 1.1.41 194.97 NOTE
r-devel-windows-ix86+x86_64 1.1.41 32.00 211.00 243.00 OK
r-patched-linux-x86_64 1.1.41 8.99 140.02 149.01 OK
r-patched-solaris-x86 1.1.41 244.90 NOTE
r-release-linux-x86_64 1.1.41 10.48 137.10 147.58 OK
r-release-windows-ix86+x86_64 1.1.41 21.00 146.00 167.00 OK
r-release-osx-x86_64 1.1.41 NOTE
r-oldrel-windows-ix86+x86_64 1.1.41 18.00 149.00 167.00 OK
r-oldrel-osx-x86_64 1.1.41 NOTE

Check Details

Version: 1.1.41
Check: dependencies in R code
Result: NOTE
    Namespace in Imports field not imported from: ‘circlize’
     All declared Imports should be used.
Flavors: r-devel-linux-x86_64-fedora-clang, r-devel-linux-x86_64-fedora-gcc, r-patched-solaris-x86, r-release-osx-x86_64, r-oldrel-osx-x86_64