Last updated on 2018-06-20 01:50:07 CEST.
Flavor | Version | Tinstall | Tcheck | Ttotal | Status | Flags |
---|---|---|---|---|---|---|
r-devel-linux-x86_64-debian-clang | 0.3-16 | 19.45 | 186.84 | 206.29 | OK | |
r-devel-linux-x86_64-debian-gcc | 0.3-16 | 12.10 | 142.41 | 154.51 | OK | |
r-devel-linux-x86_64-fedora-clang | 0.3-16 | 223.09 | OK | |||
r-devel-linux-x86_64-fedora-gcc | 0.3-16 | 210.24 | OK | |||
r-devel-windows-ix86+x86_64 | 0.3-16 | 69.00 | 337.00 | 406.00 | OK | |
r-patched-linux-x86_64 | 0.3-16 | 14.51 | 171.01 | 185.52 | OK | |
r-patched-solaris-x86 | 0.3-16 | 348.90 | OK | |||
r-release-linux-x86_64 | 0.3-16 | 14.74 | 171.09 | 185.83 | OK | |
r-release-windows-ix86+x86_64 | 0.3-16 | 51.00 | 261.00 | 312.00 | OK | |
r-release-osx-x86_64 | 0.3-16 | NOTE | ||||
r-oldrel-windows-ix86+x86_64 | 0.3-16 | 66.00 | 273.00 | 339.00 | OK | |
r-oldrel-osx-x86_64 | 0.3-16 | NOTE |
Version: 0.3-16
Check: package dependencies
Result: NOTE
Package suggested but not available for checking: ‘Rglpk’
Flavors: r-release-osx-x86_64, r-oldrel-osx-x86_64