Last updated on 2018-06-20 01:50:06 CEST.
Flavor | Version | Tinstall | Tcheck | Ttotal | Status | Flags |
---|---|---|---|---|---|---|
r-devel-linux-x86_64-debian-clang | 1.2.3 | 3.41 | 85.50 | 88.91 | NOTE | |
r-devel-linux-x86_64-debian-gcc | 1.2.3 | 2.97 | 64.75 | 67.72 | NOTE | |
r-devel-linux-x86_64-fedora-clang | 1.2.3 | 109.32 | NOTE | |||
r-devel-linux-x86_64-fedora-gcc | 1.2.3 | 107.57 | NOTE | |||
r-devel-windows-ix86+x86_64 | 1.2.3 | 12.00 | 125.00 | 137.00 | NOTE | |
r-patched-linux-x86_64 | 1.2.3 | 2.88 | 85.46 | 88.34 | NOTE | |
r-release-linux-x86_64 | 1.2.3 | 3.50 | 85.48 | 88.98 | NOTE | |
r-release-windows-ix86+x86_64 | 1.2.3 | 5.00 | 90.00 | 95.00 | NOTE | |
r-release-osx-x86_64 | 1.2.3 | OK | ||||
r-oldrel-windows-ix86+x86_64 | 1.2.3 | 6.00 | 108.00 | 114.00 | NOTE | |
r-oldrel-osx-x86_64 | 1.2.3 | OK |
Version: 1.2.3
Check: R code for possible problems
Result: NOTE
ConstructModel: warning in AddDynamicRegression(ss, formula, data =
data, sigma.mean.prior = sigma.mean.prior): partial argument match of
‘sigma.mean.prior’ to ‘sigma.mean.prior.DEPRECATED’
Flavors: r-devel-linux-x86_64-debian-clang, r-devel-linux-x86_64-debian-gcc, r-devel-linux-x86_64-fedora-clang, r-devel-linux-x86_64-fedora-gcc, r-devel-windows-ix86+x86_64, r-patched-linux-x86_64, r-release-linux-x86_64, r-release-windows-ix86+x86_64, r-oldrel-windows-ix86+x86_64