Last updated on 2018-06-20 01:50:07 CEST.
Flavor | Version | Tinstall | Tcheck | Ttotal | Status | Flags |
---|---|---|---|---|---|---|
r-devel-linux-x86_64-debian-clang | 1.0 | 0.89 | 17.49 | 18.38 | OK | |
r-devel-linux-x86_64-debian-gcc | 1.0 | 0.79 | 13.63 | 14.42 | OK | |
r-devel-linux-x86_64-fedora-clang | 1.0 | 21.12 | OK | |||
r-devel-linux-x86_64-fedora-gcc | 1.0 | 20.05 | OK | |||
r-devel-windows-ix86+x86_64 | 1.0 | 3.00 | 27.00 | 30.00 | NOTE | |
r-patched-linux-x86_64 | 1.0 | 0.88 | 16.37 | 17.25 | OK | |
r-patched-solaris-x86 | 1.0 | 33.80 | OK | |||
r-release-linux-x86_64 | 1.0 | 0.89 | 16.04 | 16.93 | OK | |
r-release-windows-ix86+x86_64 | 1.0 | 2.00 | 38.00 | 40.00 | NOTE | |
r-release-osx-x86_64 | 1.0 | NOTE | ||||
r-oldrel-windows-ix86+x86_64 | 1.0 | 4.00 | 24.00 | 28.00 | NOTE | |
r-oldrel-osx-x86_64 | 1.0 | NOTE |
Version: 1.0
Check: package dependencies
Result: NOTE
Package suggested but not available for checking: 'ProData'
Flavors: r-devel-windows-ix86+x86_64, r-release-windows-ix86+x86_64, r-release-osx-x86_64, r-oldrel-windows-ix86+x86_64, r-oldrel-osx-x86_64