Last updated on 2018-06-20 01:50:08 CEST.
Flavor | Version | Tinstall | Tcheck | Ttotal | Status | Flags |
---|---|---|---|---|---|---|
r-devel-linux-x86_64-debian-clang | 0.2-1 | 7.19 | 191.00 | 198.19 | NOTE | |
r-devel-linux-x86_64-debian-gcc | 0.2-1 | 7.03 | 150.38 | 157.41 | NOTE | |
r-devel-linux-x86_64-fedora-clang | 0.2-1 | 236.02 | NOTE | |||
r-devel-linux-x86_64-fedora-gcc | 0.2-1 | 230.32 | NOTE | |||
r-devel-windows-ix86+x86_64 | 0.2-1 | 17.00 | 170.00 | 187.00 | OK | --no-vignettes |
r-patched-linux-x86_64 | 0.2-1 | 6.54 | 168.33 | 174.87 | NOTE | |
r-patched-solaris-x86 | 0.2-1 | 908.20 | NOTE | |||
r-release-linux-x86_64 | 0.2-1 | 7.28 | 166.42 | 173.70 | NOTE | |
r-release-windows-ix86+x86_64 | 0.2-1 | 11.00 | 159.00 | 170.00 | OK | --no-vignettes |
r-release-osx-x86_64 | 0.2-1 | NOTE | ||||
r-oldrel-windows-ix86+x86_64 | 0.2-1 | 18.00 | 111.00 | 129.00 | OK | --no-vignettes |
r-oldrel-osx-x86_64 | 0.2-1 | NOTE |
Version: 0.2-1
Check: package dependencies
Result: NOTE
Package suggested but not available for checking: ‘INLA’
Flavors: r-devel-linux-x86_64-debian-clang, r-devel-linux-x86_64-debian-gcc, r-patched-linux-x86_64, r-patched-solaris-x86, r-release-linux-x86_64, r-release-osx-x86_64, r-oldrel-osx-x86_64
Version: 0.2-1
Check: dependencies in R code
Result: NOTE
Namespaces in Imports field not imported from:
‘RColorBrewer’ ‘gridExtra’ ‘latticeExtra’
All declared Imports should be used.
Flavors: r-devel-linux-x86_64-fedora-clang, r-devel-linux-x86_64-fedora-gcc, r-patched-solaris-x86, r-release-osx-x86_64, r-oldrel-osx-x86_64
Version: 0.2-1
Check: data for non-ASCII characters
Result: NOTE
Note: found 2 marked Latin-1 strings
Flavors: r-devel-linux-x86_64-fedora-clang, r-devel-linux-x86_64-fedora-gcc, r-patched-solaris-x86, r-release-osx-x86_64, r-oldrel-osx-x86_64