CRAN Package Check Results for Package DDRTree

Last updated on 2018-06-20 01:50:08 CEST.

Flavor Version Tinstall Tcheck Ttotal Status Flags
r-devel-linux-x86_64-debian-clang 0.1.5 56.63 58.01 114.64 OK
r-devel-linux-x86_64-debian-gcc 0.1.5 53.56 47.52 101.08 OK
r-devel-linux-x86_64-fedora-clang 0.1.5 159.18 NOTE
r-devel-linux-x86_64-fedora-gcc 0.1.5 154.27 OK
r-devel-windows-ix86+x86_64 0.1.5 130.00 93.00 223.00 OK
r-patched-linux-x86_64 0.1.5 55.97 49.75 105.72 OK
r-patched-solaris-x86 0.1.5 160.90 OK
r-release-linux-x86_64 0.1.5 66.25 49.05 115.30 OK
r-release-windows-ix86+x86_64 0.1.5 101.00 120.00 221.00 OK
r-release-osx-x86_64 0.1.5 NOTE
r-oldrel-windows-ix86+x86_64 0.1.5 128.00 87.00 215.00 OK
r-oldrel-osx-x86_64 0.1.5 NOTE

Check Details

Version: 0.1.5
Check: installed package size
Result: NOTE
     installed size is 23.9Mb
     sub-directories of 1Mb or more:
     libs 23.8Mb
Flavors: r-devel-linux-x86_64-fedora-clang, r-release-osx-x86_64, r-oldrel-osx-x86_64