CRAN Package Check Results for Package DEoptim

Last updated on 2018-06-20 01:50:08 CEST.

Flavor Version Tinstall Tcheck Ttotal Status Flags
r-devel-linux-x86_64-debian-clang 2.2-4 2.27 38.60 40.87 NOTE
r-devel-linux-x86_64-debian-gcc 2.2-4 1.81 29.50 31.31 NOTE
r-devel-linux-x86_64-fedora-clang 2.2-4 50.09 NOTE
r-devel-linux-x86_64-fedora-gcc 2.2-4 47.90 NOTE
r-devel-windows-ix86+x86_64 2.2-4 15.00 66.00 81.00 OK
r-patched-linux-x86_64 2.2-4 2.66 37.25 39.91 NOTE
r-patched-solaris-x86 2.2-4 73.20 OK
r-release-linux-x86_64 2.2-4 2.44 36.27 38.71 NOTE
r-release-windows-ix86+x86_64 2.2-4 9.00 90.00 99.00 OK
r-release-osx-x86_64 2.2-4 OK
r-oldrel-windows-ix86+x86_64 2.2-4 13.00 76.00 89.00 OK
r-oldrel-osx-x86_64 2.2-4 OK

Check Details

Version: 2.2-4
Check: compiled code
Result: NOTE
    File ‘DEoptim/libs/DEoptim.so’:
     Found no calls to: ‘R_registerRoutines’, ‘R_useDynamicSymbols’
    
    It is good practice to register native routines and to disable symbol
    search.
    
    See ‘Writing portable packages’ in the ‘Writing R Extensions’ manual.
Flavors: r-devel-linux-x86_64-debian-clang, r-devel-linux-x86_64-debian-gcc, r-devel-linux-x86_64-fedora-clang, r-devel-linux-x86_64-fedora-gcc, r-patched-linux-x86_64, r-release-linux-x86_64