CRAN Package Check Results for Package DatabaseConnector

Last updated on 2018-06-20 01:50:08 CEST.

Flavor Version Tinstall Tcheck Ttotal Status Flags
r-devel-linux-x86_64-debian-clang 2.1.2 5.69 63.46 69.15 OK
r-devel-linux-x86_64-debian-gcc 2.1.2 4.25 49.09 53.34 OK
r-devel-linux-x86_64-fedora-clang 2.1.2 75.96 NOTE
r-devel-linux-x86_64-fedora-gcc 2.1.2 72.85 NOTE
r-devel-windows-ix86+x86_64 2.1.2 12.00 113.00 125.00 OK
r-patched-linux-x86_64 2.1.2 4.43 54.97 59.40 OK
r-patched-solaris-x86 2.1.2 84.90 NOTE
r-release-linux-x86_64 2.1.2 3.93 55.24 59.17 OK
r-release-windows-ix86+x86_64 2.1.2 8.00 74.00 82.00 OK
r-release-osx-x86_64 2.1.2 NOTE
r-oldrel-windows-ix86+x86_64 2.1.2 8.00 78.00 86.00 OK
r-oldrel-osx-x86_64 2.1.2 NOTE

Check Details

Version: 2.1.2
Check: dependencies in R code
Result: NOTE
    Namespaces in Imports field not imported from:
     ‘DatabaseConnectorJars’ ‘bit’
     All declared Imports should be used.
Flavors: r-devel-linux-x86_64-fedora-clang, r-devel-linux-x86_64-fedora-gcc, r-patched-solaris-x86, r-release-osx-x86_64, r-oldrel-osx-x86_64