Last updated on 2018-06-20 01:50:11 CEST.
Flavor | Version | Tinstall | Tcheck | Ttotal | Status | Flags |
---|---|---|---|---|---|---|
r-devel-linux-x86_64-debian-clang | 0.1.2 | 24.61 | 47.08 | 71.69 | NOTE | |
r-devel-linux-x86_64-debian-gcc | 0.1.2 | 20.56 | 37.27 | 57.83 | NOTE | |
r-devel-linux-x86_64-fedora-clang | 0.1.2 | 87.80 | NOTE | |||
r-devel-linux-x86_64-fedora-gcc | 0.1.2 | 80.08 | NOTE | |||
r-devel-windows-ix86+x86_64 | 0.1.2 | 60.00 | 106.00 | 166.00 | OK | |
r-patched-linux-x86_64 | 0.1.2 | 23.83 | 44.19 | 68.02 | NOTE | |
r-patched-solaris-x86 | 0.1.2 | 102.50 | OK | |||
r-release-linux-x86_64 | 0.1.2 | 25.23 | 42.98 | 68.21 | NOTE | |
r-release-windows-ix86+x86_64 | 0.1.2 | 45.00 | 68.00 | 113.00 | OK | |
r-release-osx-x86_64 | 0.1.2 | OK | ||||
r-oldrel-windows-ix86+x86_64 | 0.1.2 | 39.00 | 71.00 | 110.00 | OK | |
r-oldrel-osx-x86_64 | 0.1.2 | OK |
Version: 0.1.2
Check: compiled code
Result: NOTE
File ‘DiffusionRimp/libs/DiffusionRimp.so’:
Found no calls to: ‘R_registerRoutines’, ‘R_useDynamicSymbols’
It is good practice to register native routines and to disable symbol
search.
See ‘Writing portable packages’ in the ‘Writing R Extensions’ manual.
Flavors: r-devel-linux-x86_64-debian-clang, r-devel-linux-x86_64-debian-gcc, r-devel-linux-x86_64-fedora-clang, r-devel-linux-x86_64-fedora-gcc, r-patched-linux-x86_64, r-release-linux-x86_64