Last updated on 2018-06-20 01:50:11 CEST.
Flavor | Version | Tinstall | Tcheck | Ttotal | Status | Flags |
---|---|---|---|---|---|---|
r-devel-linux-x86_64-debian-clang | 1.0.6 | 13.28 | 159.08 | 172.36 | OK | |
r-devel-linux-x86_64-debian-gcc | 1.0.6 | 11.88 | 125.30 | 137.18 | OK | |
r-devel-linux-x86_64-fedora-clang | 1.0.6 | 196.66 | OK | |||
r-devel-linux-x86_64-fedora-gcc | 1.0.6 | 188.61 | OK | |||
r-devel-windows-ix86+x86_64 | 1.0.6 | 35.00 | 207.00 | 242.00 | OK | |
r-patched-linux-x86_64 | 1.0.6 | 11.17 | 132.56 | 143.73 | OK | |
r-patched-solaris-x86 | 1.0.6 | 243.50 | OK | |||
r-release-linux-x86_64 | 1.0.6 | 10.45 | 130.22 | 140.67 | OK | |
r-release-windows-ix86+x86_64 | 1.0.6 | 20.00 | 119.00 | 139.00 | OK | |
r-release-osx-x86_64 | 1.0.6 | OK | ||||
r-oldrel-windows-ix86+x86_64 | 1.0.6 | 21.00 | 126.00 | 147.00 | OK | |
r-oldrel-osx-x86_64 | 1.0.6 | NOTE |
Version: 1.0.6
Check: package dependencies
Result: NOTE
Package suggested but not available for checking: ‘rgdal’
Flavor: r-oldrel-osx-x86_64