Last updated on 2018-06-20 01:50:12 CEST.
Flavor | Version | Tinstall | Tcheck | Ttotal | Status | Flags |
---|---|---|---|---|---|---|
r-devel-linux-x86_64-debian-clang | 1.4.5 | 18.58 | 233.36 | 251.94 | OK | |
r-devel-linux-x86_64-debian-gcc | 1.4.5 | 17.23 | 183.20 | 200.43 | OK | |
r-devel-linux-x86_64-fedora-clang | 1.4.5 | 291.63 | OK | |||
r-devel-linux-x86_64-fedora-gcc | 1.4.5 | 280.80 | OK | |||
r-devel-windows-ix86+x86_64 | 1.4.5 | 52.00 | 218.00 | 270.00 | OK | |
r-patched-linux-x86_64 | 1.4.5 | 13.62 | 191.51 | 205.13 | OK | |
r-patched-solaris-x86 | 1.4.5 | 352.90 | NOTE | |||
r-release-linux-x86_64 | 1.4.5 | 13.70 | 191.10 | 204.80 | OK | |
r-release-windows-ix86+x86_64 | 1.4.5 | 27.00 | 267.00 | 294.00 | OK | |
r-release-osx-x86_64 | 1.4.5 | NOTE | ||||
r-oldrel-windows-ix86+x86_64 | 1.4.5 | 26.00 | 196.00 | 222.00 | OK | |
r-oldrel-osx-x86_64 | 1.4.5 | NOTE |
Version: 1.4.5
Check: package dependencies
Result: NOTE
Package suggested but not available for checking: ‘lumi’
Flavor: r-patched-solaris-x86
Version: 1.4.5
Check: package dependencies
Result: NOTE
Packages suggested but not available for checking: ‘hgu133plus2.db’ ‘lumi’
Flavor: r-release-osx-x86_64
Version: 1.4.5
Check: package dependencies
Result: NOTE
Packages suggested but not available for checking: ‘hgu133plus2.db’ ‘GO.db’
Flavor: r-oldrel-osx-x86_64