Last updated on 2018-06-20 01:50:13 CEST.
Flavor | Version | Tinstall | Tcheck | Ttotal | Status | Flags |
---|---|---|---|---|---|---|
r-devel-linux-x86_64-debian-clang | 0.1.0 | 44.74 | 68.92 | 113.66 | OK | |
r-devel-linux-x86_64-debian-gcc | 0.1.0 | 40.15 | 53.12 | 93.27 | OK | |
r-devel-linux-x86_64-fedora-clang | 0.1.0 | 153.23 | NOTE | |||
r-devel-linux-x86_64-fedora-gcc | 0.1.0 | 150.11 | OK | |||
r-devel-windows-ix86+x86_64 | 0.1.0 | 128.00 | 119.00 | 247.00 | OK | |
r-patched-linux-x86_64 | 0.1.0 | 43.84 | 67.39 | 111.23 | OK | |
r-patched-solaris-x86 | 0.1.0 | 30.30 | ERROR | |||
r-release-linux-x86_64 | 0.1.0 | 46.49 | 66.42 | 112.91 | OK | |
r-release-windows-ix86+x86_64 | 0.1.0 | 95.00 | 150.00 | 245.00 | OK | |
r-release-osx-x86_64 | 0.1.0 | NOTE | ||||
r-oldrel-windows-ix86+x86_64 | 0.1.0 | 92.00 | 117.00 | 209.00 | OK | |
r-oldrel-osx-x86_64 | 0.1.0 | NOTE |
Version: 0.1.0
Check: installed package size
Result: NOTE
installed size is 6.0Mb
sub-directories of 1Mb or more:
data 2.0Mb
libs 3.3Mb
Flavors: r-devel-linux-x86_64-fedora-clang, r-release-osx-x86_64, r-oldrel-osx-x86_64
Version: 0.1.0
Check: whether package can be installed
Result: ERROR
Installation failed.
Flavor: r-patched-solaris-x86