Last updated on 2018-06-20 01:50:13 CEST.
Flavor | Version | Tinstall | Tcheck | Ttotal | Status | Flags |
---|---|---|---|---|---|---|
r-devel-linux-x86_64-debian-clang | 1.3 | 1.92 | 22.63 | 24.55 | NOTE | |
r-devel-linux-x86_64-debian-gcc | 1.3 | 1.41 | 17.52 | 18.93 | NOTE | |
r-devel-linux-x86_64-fedora-clang | 1.3 | 28.15 | NOTE | |||
r-devel-linux-x86_64-fedora-gcc | 1.3 | 26.54 | NOTE | |||
r-devel-windows-ix86+x86_64 | 1.3 | 4.00 | 33.00 | 37.00 | NOTE | |
r-patched-linux-x86_64 | 1.3 | 1.73 | 21.25 | 22.98 | NOTE | |
r-patched-solaris-x86 | 1.3 | 40.80 | NOTE | |||
r-release-linux-x86_64 | 1.3 | 1.17 | 21.44 | 22.61 | NOTE | |
r-release-windows-ix86+x86_64 | 1.3 | 3.00 | 44.00 | 47.00 | NOTE | |
r-release-osx-x86_64 | 1.3 | NOTE | ||||
r-oldrel-windows-ix86+x86_64 | 1.3 | 4.00 | 39.00 | 43.00 | NOTE | |
r-oldrel-osx-x86_64 | 1.3 | NOTE |
Version: 1.3
Check: R code for possible problems
Result: NOTE
etc.diff: no visible global function definition for ‘model.frame’
etc.diff: no visible binding for global variable ‘sd’
etc.diff: no visible global function definition for ‘qt’
etc.diff: no visible global function definition for ‘pt’
etc.diff: no visible global function definition for ‘wilcox.test’
etc.rat: no visible global function definition for ‘model.frame’
etc.rat: no visible binding for global variable ‘sd’
etc.rat: no visible global function definition for ‘qt’
etc.rat: no visible global function definition for ‘pt’
Undefined global functions or variables:
model.frame pt qt sd wilcox.test
Consider adding
importFrom("stats", "model.frame", "pt", "qt", "sd", "wilcox.test")
to your NAMESPACE file.
Flavors: r-devel-linux-x86_64-debian-clang, r-devel-linux-x86_64-debian-gcc, r-devel-linux-x86_64-fedora-clang, r-devel-linux-x86_64-fedora-gcc, r-devel-windows-ix86+x86_64, r-patched-linux-x86_64, r-patched-solaris-x86, r-release-linux-x86_64, r-release-windows-ix86+x86_64, r-release-osx-x86_64, r-oldrel-windows-ix86+x86_64, r-oldrel-osx-x86_64