Last updated on 2018-06-20 01:50:12 CEST.
Flavor | Version | Tinstall | Tcheck | Ttotal | Status | Flags |
---|---|---|---|---|---|---|
r-devel-linux-x86_64-debian-clang | 0.4.12 | 3.78 | 37.45 | 41.23 | ERROR | |
r-devel-linux-x86_64-debian-gcc | 0.4.12 | 2.49 | 29.27 | 31.76 | ERROR | |
r-devel-linux-x86_64-fedora-clang | 0.4.12 | 49.02 | NOTE | |||
r-devel-linux-x86_64-fedora-gcc | 0.4.12 | 46.30 | NOTE | |||
r-devel-windows-ix86+x86_64 | 0.4.12 | 12.00 | 61.00 | 73.00 | ERROR | |
r-patched-linux-x86_64 | 0.4.12 | 4.52 | 34.53 | 39.05 | ERROR | |
r-patched-solaris-x86 | 0.4.12 | 68.20 | NOTE | |||
r-release-linux-x86_64 | 0.4.12 | 3.69 | 34.74 | 38.43 | ERROR | |
r-release-windows-ix86+x86_64 | 0.4.12 | 7.00 | 64.00 | 71.00 | ERROR | |
r-release-osx-x86_64 | 0.4.12 | NOTE | ||||
r-oldrel-windows-ix86+x86_64 | 0.4.12 | 8.00 | 50.00 | 58.00 | ERROR | |
r-oldrel-osx-x86_64 | 0.4.12 | NOTE |
Version: 0.4.12
Check: DESCRIPTION meta-information
Result: NOTE
Malformed Title field: should not end in a period.
Flavors: r-devel-linux-x86_64-debian-clang, r-devel-linux-x86_64-debian-gcc, r-devel-linux-x86_64-fedora-clang, r-devel-linux-x86_64-fedora-gcc, r-devel-windows-ix86+x86_64, r-patched-linux-x86_64, r-patched-solaris-x86, r-release-linux-x86_64, r-release-windows-ix86+x86_64, r-release-osx-x86_64, r-oldrel-windows-ix86+x86_64, r-oldrel-osx-x86_64
Version: 0.4.12
Check: R code for possible problems
Result: NOTE
BaseflowSeparation: no visible global function definition for
‘quantile’
(/tmp/RtmpMkYYu2/R.INSTALL4cdc15a64cab/EcoHydRology/R/BaseflowSeparation.R:8)
SWAT2005: no visible global function definition for ‘read.fortran’
(/tmp/RtmpMkYYu2/R.INSTALL4cdc15a64cab/EcoHydRology/R/SWAT2005.R:16)
alter_files: no visible global function definition for ‘read.fortran’
(/tmp/RtmpMkYYu2/R.INSTALL4cdc15a64cab/EcoHydRology/R/alter_files.R:22)
build_gsod_forcing_data: no visible global function definition for
‘na.omit’
(/tmp/RtmpMkYYu2/R.INSTALL4cdc15a64cab/EcoHydRology/R/build_gsod_forcing_data.R:33)
get_cfsr_latlon: no visible global function definition for
‘download.file’
(/tmp/RtmpMkYYu2/R.INSTALL4cdc15a64cab/EcoHydRology/R/get_cfsr_latlon.R:10)
get_cfsr_latlon: no visible global function definition for ‘read.csv’
(/tmp/RtmpMkYYu2/R.INSTALL4cdc15a64cab/EcoHydRology/R/get_cfsr_latlon.R:11)
get_gsod_stn: no visible global function definition for ‘read.csv’
(/tmp/RtmpMkYYu2/R.INSTALL4cdc15a64cab/EcoHydRology/R/get_gsod_stn.R:22-23)
get_gsod_stn: no visible global function definition for ‘download.file’
(/tmp/RtmpMkYYu2/R.INSTALL4cdc15a64cab/EcoHydRology/R/get_gsod_stn.R:44)
get_usgs_gage: no visible global function definition for ‘read.delim’
(/tmp/RtmpMkYYu2/R.INSTALL4cdc15a64cab/EcoHydRology/R/get_usgs_gage.R:10)
get_usgs_gage: no visible global function definition for ‘read.delim’
(/tmp/RtmpMkYYu2/R.INSTALL4cdc15a64cab/EcoHydRology/R/get_usgs_gage.R:25)
get_usgs_gage: no visible global function definition for ‘na.omit’
(/tmp/RtmpMkYYu2/R.INSTALL4cdc15a64cab/EcoHydRology/R/get_usgs_gage.R:28)
hydrograph: no visible global function definition for ‘par’
(/tmp/RtmpMkYYu2/R.INSTALL4cdc15a64cab/EcoHydRology/R/hydrograph.R:15)
hydrograph: no visible global function definition for ‘barplot’
(/tmp/RtmpMkYYu2/R.INSTALL4cdc15a64cab/EcoHydRology/R/hydrograph.R:16-18)
hydrograph: no visible global function definition for ‘na.omit’
(/tmp/RtmpMkYYu2/R.INSTALL4cdc15a64cab/EcoHydRology/R/hydrograph.R:16-18)
hydrograph: no visible global function definition for ‘axis’
(/tmp/RtmpMkYYu2/R.INSTALL4cdc15a64cab/EcoHydRology/R/hydrograph.R:19)
hydrograph: no visible global function definition for ‘axis’
(/tmp/RtmpMkYYu2/R.INSTALL4cdc15a64cab/EcoHydRology/R/hydrograph.R:20-26)
hydrograph: no visible global function definition for ‘na.omit’
(/tmp/RtmpMkYYu2/R.INSTALL4cdc15a64cab/EcoHydRology/R/hydrograph.R:20-26)
hydrograph: no visible global function definition for ‘mtext’
(/tmp/RtmpMkYYu2/R.INSTALL4cdc15a64cab/EcoHydRology/R/hydrograph.R:28)
hydrograph: no visible global function definition for ‘mtext’
(/tmp/RtmpMkYYu2/R.INSTALL4cdc15a64cab/EcoHydRology/R/hydrograph.R:27-29)
hydrograph: no visible global function definition for ‘par’
(/tmp/RtmpMkYYu2/R.INSTALL4cdc15a64cab/EcoHydRology/R/hydrograph.R:30)
hydrograph: no visible global function definition for ‘barplot’
(/tmp/RtmpMkYYu2/R.INSTALL4cdc15a64cab/EcoHydRology/R/hydrograph.R:33-35)
hydrograph: no visible global function definition for ‘na.omit’
(/tmp/RtmpMkYYu2/R.INSTALL4cdc15a64cab/EcoHydRology/R/hydrograph.R:33-35)
hydrograph: no visible global function definition for ‘par’
(/tmp/RtmpMkYYu2/R.INSTALL4cdc15a64cab/EcoHydRology/R/hydrograph.R:36)
hydrograph: no visible global function definition for ‘plot’
(/tmp/RtmpMkYYu2/R.INSTALL4cdc15a64cab/EcoHydRology/R/hydrograph.R:39-42)
hydrograph: no visible global function definition for ‘na.omit’
(/tmp/RtmpMkYYu2/R.INSTALL4cdc15a64cab/EcoHydRology/R/hydrograph.R:39-42)
hydrograph: no visible global function definition for ‘mtext’
(/tmp/RtmpMkYYu2/R.INSTALL4cdc15a64cab/EcoHydRology/R/hydrograph.R:45)
hydrograph: no visible global function definition for ‘mtext’
(/tmp/RtmpMkYYu2/R.INSTALL4cdc15a64cab/EcoHydRology/R/hydrograph.R:47)
hydrograph: no visible global function definition for ‘mtext’
(/tmp/RtmpMkYYu2/R.INSTALL4cdc15a64cab/EcoHydRology/R/hydrograph.R:44-48)
hydrograph: no visible global function definition for ‘lines’
(/tmp/RtmpMkYYu2/R.INSTALL4cdc15a64cab/EcoHydRology/R/hydrograph.R:49-50)
hydrograph: no visible global function definition for ‘lines’
(/tmp/RtmpMkYYu2/R.INSTALL4cdc15a64cab/EcoHydRology/R/hydrograph.R:52-53)
hydrograph: no visible global function definition for ‘lines’
(/tmp/RtmpMkYYu2/R.INSTALL4cdc15a64cab/EcoHydRology/R/hydrograph.R:56-57)
hydrograph: no visible global function definition for ‘axis’
(/tmp/RtmpMkYYu2/R.INSTALL4cdc15a64cab/EcoHydRology/R/hydrograph.R:59-61)
hydrograph: no visible global function definition for ‘axis’
(/tmp/RtmpMkYYu2/R.INSTALL4cdc15a64cab/EcoHydRology/R/hydrograph.R:63)
swat_objective_function: no visible global function definition for
‘read.fortran’
(/tmp/RtmpMkYYu2/R.INSTALL4cdc15a64cab/EcoHydRology/R/swat_objective_function.R:11)
swat_objective_function: no visible global function definition for
‘plot’
(/tmp/RtmpMkYYu2/R.INSTALL4cdc15a64cab/EcoHydRology/R/swat_objective_function.R:25)
swat_objective_function: no visible global function definition for
‘lines’
(/tmp/RtmpMkYYu2/R.INSTALL4cdc15a64cab/EcoHydRology/R/swat_objective_function.R:26)
swat_objective_function_rch: no visible global function definition for
‘runif’
(/tmp/RtmpMkYYu2/R.INSTALL4cdc15a64cab/EcoHydRology/R/swat_objective_function_rch.R:5)
swat_objective_function_rch: no visible global function definition for
‘read.fortran’
(/tmp/RtmpMkYYu2/R.INSTALL4cdc15a64cab/EcoHydRology/R/swat_objective_function_rch.R:16)
testSWAT2005 : runSWAT2005: no visible global function definition for
‘read.fortran’
(/tmp/RtmpMkYYu2/R.INSTALL4cdc15a64cab/EcoHydRology/R/testSWAT2005.R:23-24)
Undefined global functions or variables:
axis barplot download.file lines mtext na.omit par plot quantile
read.csv read.delim read.fortran runif
Consider adding
importFrom("graphics", "axis", "barplot", "lines", "mtext", "par",
"plot")
importFrom("stats", "na.omit", "quantile", "runif")
importFrom("utils", "download.file", "read.csv", "read.delim",
"read.fortran")
to your NAMESPACE file.
Flavor: r-devel-linux-x86_64-debian-clang
Version: 0.4.12
Check: examples
Result: ERROR
Running examples in ‘EcoHydRology-Ex.R’ failed
The error most likely occurred in:
> base::assign(".ptime", proc.time(), pos = "CheckExEnv")
> ### Name: Lumped_VSA_model
> ### Title: Lumped Variable Source Area (VSA) Watershed Model
> ### Aliases: Lumped_VSA_model
>
> ### ** Examples
>
> data(OwascoInlet)
> # First get rain and snow-melt input:
> rsm <- SnowMelt(Date=OwascoInlet$date, precip_mm=OwascoInlet$P_mm, Tmax_C=OwascoInlet$Tmax_C,
+ Tmin_C=OwascoInlet$Tmin_C, lat_deg=42.66)
Error in if ((Tx == -999 | Tn == -999) & is.null(trans)) { :
the condition has length > 1
Calls: SnowMelt -> EstCloudiness
Execution halted
Flavors: r-devel-linux-x86_64-debian-clang, r-devel-linux-x86_64-debian-gcc, r-patched-linux-x86_64, r-release-linux-x86_64
Version: 0.4.12
Check: R code for possible problems
Result: NOTE
BaseflowSeparation: no visible global function definition for
‘quantile’
(/home/hornik/tmp/scratch/Rtmpur31Xn/R.INSTALL382c4f3de94a/EcoHydRology/R/BaseflowSeparation.R:8)
SWAT2005: no visible global function definition for ‘read.fortran’
(/home/hornik/tmp/scratch/Rtmpur31Xn/R.INSTALL382c4f3de94a/EcoHydRology/R/SWAT2005.R:16)
alter_files: no visible global function definition for ‘read.fortran’
(/home/hornik/tmp/scratch/Rtmpur31Xn/R.INSTALL382c4f3de94a/EcoHydRology/R/alter_files.R:22)
build_gsod_forcing_data: no visible global function definition for
‘na.omit’
(/home/hornik/tmp/scratch/Rtmpur31Xn/R.INSTALL382c4f3de94a/EcoHydRology/R/build_gsod_forcing_data.R:33)
get_cfsr_latlon: no visible global function definition for
‘download.file’
(/home/hornik/tmp/scratch/Rtmpur31Xn/R.INSTALL382c4f3de94a/EcoHydRology/R/get_cfsr_latlon.R:10)
get_cfsr_latlon: no visible global function definition for ‘read.csv’
(/home/hornik/tmp/scratch/Rtmpur31Xn/R.INSTALL382c4f3de94a/EcoHydRology/R/get_cfsr_latlon.R:11)
get_gsod_stn: no visible global function definition for ‘read.csv’
(/home/hornik/tmp/scratch/Rtmpur31Xn/R.INSTALL382c4f3de94a/EcoHydRology/R/get_gsod_stn.R:22-23)
get_gsod_stn: no visible global function definition for ‘download.file’
(/home/hornik/tmp/scratch/Rtmpur31Xn/R.INSTALL382c4f3de94a/EcoHydRology/R/get_gsod_stn.R:44)
get_usgs_gage: no visible global function definition for ‘read.delim’
(/home/hornik/tmp/scratch/Rtmpur31Xn/R.INSTALL382c4f3de94a/EcoHydRology/R/get_usgs_gage.R:10)
get_usgs_gage: no visible global function definition for ‘read.delim’
(/home/hornik/tmp/scratch/Rtmpur31Xn/R.INSTALL382c4f3de94a/EcoHydRology/R/get_usgs_gage.R:25)
get_usgs_gage: no visible global function definition for ‘na.omit’
(/home/hornik/tmp/scratch/Rtmpur31Xn/R.INSTALL382c4f3de94a/EcoHydRology/R/get_usgs_gage.R:28)
hydrograph: no visible global function definition for ‘par’
(/home/hornik/tmp/scratch/Rtmpur31Xn/R.INSTALL382c4f3de94a/EcoHydRology/R/hydrograph.R:15)
hydrograph: no visible global function definition for ‘barplot’
(/home/hornik/tmp/scratch/Rtmpur31Xn/R.INSTALL382c4f3de94a/EcoHydRology/R/hydrograph.R:16-18)
hydrograph: no visible global function definition for ‘na.omit’
(/home/hornik/tmp/scratch/Rtmpur31Xn/R.INSTALL382c4f3de94a/EcoHydRology/R/hydrograph.R:16-18)
hydrograph: no visible global function definition for ‘axis’
(/home/hornik/tmp/scratch/Rtmpur31Xn/R.INSTALL382c4f3de94a/EcoHydRology/R/hydrograph.R:19)
hydrograph: no visible global function definition for ‘axis’
(/home/hornik/tmp/scratch/Rtmpur31Xn/R.INSTALL382c4f3de94a/EcoHydRology/R/hydrograph.R:20-26)
hydrograph: no visible global function definition for ‘na.omit’
(/home/hornik/tmp/scratch/Rtmpur31Xn/R.INSTALL382c4f3de94a/EcoHydRology/R/hydrograph.R:20-26)
hydrograph: no visible global function definition for ‘mtext’
(/home/hornik/tmp/scratch/Rtmpur31Xn/R.INSTALL382c4f3de94a/EcoHydRology/R/hydrograph.R:28)
hydrograph: no visible global function definition for ‘mtext’
(/home/hornik/tmp/scratch/Rtmpur31Xn/R.INSTALL382c4f3de94a/EcoHydRology/R/hydrograph.R:27-29)
hydrograph: no visible global function definition for ‘par’
(/home/hornik/tmp/scratch/Rtmpur31Xn/R.INSTALL382c4f3de94a/EcoHydRology/R/hydrograph.R:30)
hydrograph: no visible global function definition for ‘barplot’
(/home/hornik/tmp/scratch/Rtmpur31Xn/R.INSTALL382c4f3de94a/EcoHydRology/R/hydrograph.R:33-35)
hydrograph: no visible global function definition for ‘na.omit’
(/home/hornik/tmp/scratch/Rtmpur31Xn/R.INSTALL382c4f3de94a/EcoHydRology/R/hydrograph.R:33-35)
hydrograph: no visible global function definition for ‘par’
(/home/hornik/tmp/scratch/Rtmpur31Xn/R.INSTALL382c4f3de94a/EcoHydRology/R/hydrograph.R:36)
hydrograph: no visible global function definition for ‘plot’
(/home/hornik/tmp/scratch/Rtmpur31Xn/R.INSTALL382c4f3de94a/EcoHydRology/R/hydrograph.R:39-42)
hydrograph: no visible global function definition for ‘na.omit’
(/home/hornik/tmp/scratch/Rtmpur31Xn/R.INSTALL382c4f3de94a/EcoHydRology/R/hydrograph.R:39-42)
hydrograph: no visible global function definition for ‘mtext’
(/home/hornik/tmp/scratch/Rtmpur31Xn/R.INSTALL382c4f3de94a/EcoHydRology/R/hydrograph.R:45)
hydrograph: no visible global function definition for ‘mtext’
(/home/hornik/tmp/scratch/Rtmpur31Xn/R.INSTALL382c4f3de94a/EcoHydRology/R/hydrograph.R:47)
hydrograph: no visible global function definition for ‘mtext’
(/home/hornik/tmp/scratch/Rtmpur31Xn/R.INSTALL382c4f3de94a/EcoHydRology/R/hydrograph.R:44-48)
hydrograph: no visible global function definition for ‘lines’
(/home/hornik/tmp/scratch/Rtmpur31Xn/R.INSTALL382c4f3de94a/EcoHydRology/R/hydrograph.R:49-50)
hydrograph: no visible global function definition for ‘lines’
(/home/hornik/tmp/scratch/Rtmpur31Xn/R.INSTALL382c4f3de94a/EcoHydRology/R/hydrograph.R:52-53)
hydrograph: no visible global function definition for ‘lines’
(/home/hornik/tmp/scratch/Rtmpur31Xn/R.INSTALL382c4f3de94a/EcoHydRology/R/hydrograph.R:56-57)
hydrograph: no visible global function definition for ‘axis’
(/home/hornik/tmp/scratch/Rtmpur31Xn/R.INSTALL382c4f3de94a/EcoHydRology/R/hydrograph.R:59-61)
hydrograph: no visible global function definition for ‘axis’
(/home/hornik/tmp/scratch/Rtmpur31Xn/R.INSTALL382c4f3de94a/EcoHydRology/R/hydrograph.R:63)
swat_objective_function: no visible global function definition for
‘read.fortran’
(/home/hornik/tmp/scratch/Rtmpur31Xn/R.INSTALL382c4f3de94a/EcoHydRology/R/swat_objective_function.R:11)
swat_objective_function: no visible global function definition for
‘plot’
(/home/hornik/tmp/scratch/Rtmpur31Xn/R.INSTALL382c4f3de94a/EcoHydRology/R/swat_objective_function.R:25)
swat_objective_function: no visible global function definition for
‘lines’
(/home/hornik/tmp/scratch/Rtmpur31Xn/R.INSTALL382c4f3de94a/EcoHydRology/R/swat_objective_function.R:26)
swat_objective_function_rch: no visible global function definition for
‘runif’
(/home/hornik/tmp/scratch/Rtmpur31Xn/R.INSTALL382c4f3de94a/EcoHydRology/R/swat_objective_function_rch.R:5)
swat_objective_function_rch: no visible global function definition for
‘read.fortran’
(/home/hornik/tmp/scratch/Rtmpur31Xn/R.INSTALL382c4f3de94a/EcoHydRology/R/swat_objective_function_rch.R:16)
testSWAT2005 : runSWAT2005: no visible global function definition for
‘read.fortran’
(/home/hornik/tmp/scratch/Rtmpur31Xn/R.INSTALL382c4f3de94a/EcoHydRology/R/testSWAT2005.R:23-24)
Undefined global functions or variables:
axis barplot download.file lines mtext na.omit par plot quantile
read.csv read.delim read.fortran runif
Consider adding
importFrom("graphics", "axis", "barplot", "lines", "mtext", "par",
"plot")
importFrom("stats", "na.omit", "quantile", "runif")
importFrom("utils", "download.file", "read.csv", "read.delim",
"read.fortran")
to your NAMESPACE file.
Flavor: r-devel-linux-x86_64-debian-gcc
Version: 0.4.12
Check: R code for possible problems
Result: NOTE
BaseflowSeparation: no visible global function definition for
‘quantile’
(/data/gannet/ripley/R/packages/tests-clang/EcoHydRology/R/BaseflowSeparation.R:8)
SWAT2005: no visible global function definition for ‘read.fortran’
(/data/gannet/ripley/R/packages/tests-clang/EcoHydRology/R/SWAT2005.R:16)
alter_files: no visible global function definition for ‘read.fortran’
(/data/gannet/ripley/R/packages/tests-clang/EcoHydRology/R/alter_files.R:22)
build_gsod_forcing_data: no visible global function definition for
‘na.omit’
(/data/gannet/ripley/R/packages/tests-clang/EcoHydRology/R/build_gsod_forcing_data.R:33)
get_cfsr_latlon: no visible global function definition for
‘download.file’
(/data/gannet/ripley/R/packages/tests-clang/EcoHydRology/R/get_cfsr_latlon.R:10)
get_cfsr_latlon: no visible global function definition for ‘read.csv’
(/data/gannet/ripley/R/packages/tests-clang/EcoHydRology/R/get_cfsr_latlon.R:11)
get_gsod_stn: no visible global function definition for ‘read.csv’
(/data/gannet/ripley/R/packages/tests-clang/EcoHydRology/R/get_gsod_stn.R:22-23)
get_gsod_stn: no visible global function definition for ‘download.file’
(/data/gannet/ripley/R/packages/tests-clang/EcoHydRology/R/get_gsod_stn.R:44)
get_usgs_gage: no visible global function definition for ‘read.delim’
(/data/gannet/ripley/R/packages/tests-clang/EcoHydRology/R/get_usgs_gage.R:10)
get_usgs_gage: no visible global function definition for ‘read.delim’
(/data/gannet/ripley/R/packages/tests-clang/EcoHydRology/R/get_usgs_gage.R:25)
get_usgs_gage: no visible global function definition for ‘na.omit’
(/data/gannet/ripley/R/packages/tests-clang/EcoHydRology/R/get_usgs_gage.R:28)
hydrograph: no visible global function definition for ‘par’
(/data/gannet/ripley/R/packages/tests-clang/EcoHydRology/R/hydrograph.R:15)
hydrograph: no visible global function definition for ‘barplot’
(/data/gannet/ripley/R/packages/tests-clang/EcoHydRology/R/hydrograph.R:16-18)
hydrograph: no visible global function definition for ‘na.omit’
(/data/gannet/ripley/R/packages/tests-clang/EcoHydRology/R/hydrograph.R:16-18)
hydrograph: no visible global function definition for ‘axis’
(/data/gannet/ripley/R/packages/tests-clang/EcoHydRology/R/hydrograph.R:19)
hydrograph: no visible global function definition for ‘axis’
(/data/gannet/ripley/R/packages/tests-clang/EcoHydRology/R/hydrograph.R:20-26)
hydrograph: no visible global function definition for ‘na.omit’
(/data/gannet/ripley/R/packages/tests-clang/EcoHydRology/R/hydrograph.R:20-26)
hydrograph: no visible global function definition for ‘mtext’
(/data/gannet/ripley/R/packages/tests-clang/EcoHydRology/R/hydrograph.R:28)
hydrograph: no visible global function definition for ‘mtext’
(/data/gannet/ripley/R/packages/tests-clang/EcoHydRology/R/hydrograph.R:27-29)
hydrograph: no visible global function definition for ‘par’
(/data/gannet/ripley/R/packages/tests-clang/EcoHydRology/R/hydrograph.R:30)
hydrograph: no visible global function definition for ‘barplot’
(/data/gannet/ripley/R/packages/tests-clang/EcoHydRology/R/hydrograph.R:33-35)
hydrograph: no visible global function definition for ‘na.omit’
(/data/gannet/ripley/R/packages/tests-clang/EcoHydRology/R/hydrograph.R:33-35)
hydrograph: no visible global function definition for ‘par’
(/data/gannet/ripley/R/packages/tests-clang/EcoHydRology/R/hydrograph.R:36)
hydrograph: no visible global function definition for ‘plot’
(/data/gannet/ripley/R/packages/tests-clang/EcoHydRology/R/hydrograph.R:39-42)
hydrograph: no visible global function definition for ‘na.omit’
(/data/gannet/ripley/R/packages/tests-clang/EcoHydRology/R/hydrograph.R:39-42)
hydrograph: no visible global function definition for ‘mtext’
(/data/gannet/ripley/R/packages/tests-clang/EcoHydRology/R/hydrograph.R:45)
hydrograph: no visible global function definition for ‘mtext’
(/data/gannet/ripley/R/packages/tests-clang/EcoHydRology/R/hydrograph.R:47)
hydrograph: no visible global function definition for ‘mtext’
(/data/gannet/ripley/R/packages/tests-clang/EcoHydRology/R/hydrograph.R:44-48)
hydrograph: no visible global function definition for ‘lines’
(/data/gannet/ripley/R/packages/tests-clang/EcoHydRology/R/hydrograph.R:49-50)
hydrograph: no visible global function definition for ‘lines’
(/data/gannet/ripley/R/packages/tests-clang/EcoHydRology/R/hydrograph.R:52-53)
hydrograph: no visible global function definition for ‘lines’
(/data/gannet/ripley/R/packages/tests-clang/EcoHydRology/R/hydrograph.R:56-57)
hydrograph: no visible global function definition for ‘axis’
(/data/gannet/ripley/R/packages/tests-clang/EcoHydRology/R/hydrograph.R:59-61)
hydrograph: no visible global function definition for ‘axis’
(/data/gannet/ripley/R/packages/tests-clang/EcoHydRology/R/hydrograph.R:63)
swat_objective_function: no visible global function definition for
‘read.fortran’
(/data/gannet/ripley/R/packages/tests-clang/EcoHydRology/R/swat_objective_function.R:11)
swat_objective_function: no visible global function definition for
‘plot’
(/data/gannet/ripley/R/packages/tests-clang/EcoHydRology/R/swat_objective_function.R:25)
swat_objective_function: no visible global function definition for
‘lines’
(/data/gannet/ripley/R/packages/tests-clang/EcoHydRology/R/swat_objective_function.R:26)
swat_objective_function_rch: no visible global function definition for
‘runif’
(/data/gannet/ripley/R/packages/tests-clang/EcoHydRology/R/swat_objective_function_rch.R:5)
swat_objective_function_rch: no visible global function definition for
‘read.fortran’
(/data/gannet/ripley/R/packages/tests-clang/EcoHydRology/R/swat_objective_function_rch.R:16)
testSWAT2005 : runSWAT2005: no visible global function definition for
‘read.fortran’
(/data/gannet/ripley/R/packages/tests-clang/EcoHydRology/R/testSWAT2005.R:23-24)
Undefined global functions or variables:
axis barplot download.file lines mtext na.omit par plot quantile
read.csv read.delim read.fortran runif
Consider adding
importFrom("graphics", "axis", "barplot", "lines", "mtext", "par",
"plot")
importFrom("stats", "na.omit", "quantile", "runif")
importFrom("utils", "download.file", "read.csv", "read.delim",
"read.fortran")
to your NAMESPACE file.
Flavor: r-devel-linux-x86_64-fedora-clang
Version: 0.4.12
Check: data for non-ASCII characters
Result: NOTE
Note: found 8 marked UTF-8 strings
Flavors: r-devel-linux-x86_64-fedora-clang, r-devel-linux-x86_64-fedora-gcc, r-patched-solaris-x86, r-release-osx-x86_64, r-oldrel-osx-x86_64
Version: 0.4.12
Check: R code for possible problems
Result: NOTE
BaseflowSeparation: no visible global function definition for
‘quantile’
(/data/gannet/ripley/R/packages/tests-devel/EcoHydRology/R/BaseflowSeparation.R:8)
SWAT2005: no visible global function definition for ‘read.fortran’
(/data/gannet/ripley/R/packages/tests-devel/EcoHydRology/R/SWAT2005.R:16)
alter_files: no visible global function definition for ‘read.fortran’
(/data/gannet/ripley/R/packages/tests-devel/EcoHydRology/R/alter_files.R:22)
build_gsod_forcing_data: no visible global function definition for
‘na.omit’
(/data/gannet/ripley/R/packages/tests-devel/EcoHydRology/R/build_gsod_forcing_data.R:33)
get_cfsr_latlon: no visible global function definition for
‘download.file’
(/data/gannet/ripley/R/packages/tests-devel/EcoHydRology/R/get_cfsr_latlon.R:10)
get_cfsr_latlon: no visible global function definition for ‘read.csv’
(/data/gannet/ripley/R/packages/tests-devel/EcoHydRology/R/get_cfsr_latlon.R:11)
get_gsod_stn: no visible global function definition for ‘read.csv’
(/data/gannet/ripley/R/packages/tests-devel/EcoHydRology/R/get_gsod_stn.R:22-23)
get_gsod_stn: no visible global function definition for ‘download.file’
(/data/gannet/ripley/R/packages/tests-devel/EcoHydRology/R/get_gsod_stn.R:44)
get_usgs_gage: no visible global function definition for ‘read.delim’
(/data/gannet/ripley/R/packages/tests-devel/EcoHydRology/R/get_usgs_gage.R:10)
get_usgs_gage: no visible global function definition for ‘read.delim’
(/data/gannet/ripley/R/packages/tests-devel/EcoHydRology/R/get_usgs_gage.R:25)
get_usgs_gage: no visible global function definition for ‘na.omit’
(/data/gannet/ripley/R/packages/tests-devel/EcoHydRology/R/get_usgs_gage.R:28)
hydrograph: no visible global function definition for ‘par’
(/data/gannet/ripley/R/packages/tests-devel/EcoHydRology/R/hydrograph.R:15)
hydrograph: no visible global function definition for ‘barplot’
(/data/gannet/ripley/R/packages/tests-devel/EcoHydRology/R/hydrograph.R:16-18)
hydrograph: no visible global function definition for ‘na.omit’
(/data/gannet/ripley/R/packages/tests-devel/EcoHydRology/R/hydrograph.R:16-18)
hydrograph: no visible global function definition for ‘axis’
(/data/gannet/ripley/R/packages/tests-devel/EcoHydRology/R/hydrograph.R:19)
hydrograph: no visible global function definition for ‘axis’
(/data/gannet/ripley/R/packages/tests-devel/EcoHydRology/R/hydrograph.R:20-26)
hydrograph: no visible global function definition for ‘na.omit’
(/data/gannet/ripley/R/packages/tests-devel/EcoHydRology/R/hydrograph.R:20-26)
hydrograph: no visible global function definition for ‘mtext’
(/data/gannet/ripley/R/packages/tests-devel/EcoHydRology/R/hydrograph.R:28)
hydrograph: no visible global function definition for ‘mtext’
(/data/gannet/ripley/R/packages/tests-devel/EcoHydRology/R/hydrograph.R:27-29)
hydrograph: no visible global function definition for ‘par’
(/data/gannet/ripley/R/packages/tests-devel/EcoHydRology/R/hydrograph.R:30)
hydrograph: no visible global function definition for ‘barplot’
(/data/gannet/ripley/R/packages/tests-devel/EcoHydRology/R/hydrograph.R:33-35)
hydrograph: no visible global function definition for ‘na.omit’
(/data/gannet/ripley/R/packages/tests-devel/EcoHydRology/R/hydrograph.R:33-35)
hydrograph: no visible global function definition for ‘par’
(/data/gannet/ripley/R/packages/tests-devel/EcoHydRology/R/hydrograph.R:36)
hydrograph: no visible global function definition for ‘plot’
(/data/gannet/ripley/R/packages/tests-devel/EcoHydRology/R/hydrograph.R:39-42)
hydrograph: no visible global function definition for ‘na.omit’
(/data/gannet/ripley/R/packages/tests-devel/EcoHydRology/R/hydrograph.R:39-42)
hydrograph: no visible global function definition for ‘mtext’
(/data/gannet/ripley/R/packages/tests-devel/EcoHydRology/R/hydrograph.R:45)
hydrograph: no visible global function definition for ‘mtext’
(/data/gannet/ripley/R/packages/tests-devel/EcoHydRology/R/hydrograph.R:47)
hydrograph: no visible global function definition for ‘mtext’
(/data/gannet/ripley/R/packages/tests-devel/EcoHydRology/R/hydrograph.R:44-48)
hydrograph: no visible global function definition for ‘lines’
(/data/gannet/ripley/R/packages/tests-devel/EcoHydRology/R/hydrograph.R:49-50)
hydrograph: no visible global function definition for ‘lines’
(/data/gannet/ripley/R/packages/tests-devel/EcoHydRology/R/hydrograph.R:52-53)
hydrograph: no visible global function definition for ‘lines’
(/data/gannet/ripley/R/packages/tests-devel/EcoHydRology/R/hydrograph.R:56-57)
hydrograph: no visible global function definition for ‘axis’
(/data/gannet/ripley/R/packages/tests-devel/EcoHydRology/R/hydrograph.R:59-61)
hydrograph: no visible global function definition for ‘axis’
(/data/gannet/ripley/R/packages/tests-devel/EcoHydRology/R/hydrograph.R:63)
swat_objective_function: no visible global function definition for
‘read.fortran’
(/data/gannet/ripley/R/packages/tests-devel/EcoHydRology/R/swat_objective_function.R:11)
swat_objective_function: no visible global function definition for
‘plot’
(/data/gannet/ripley/R/packages/tests-devel/EcoHydRology/R/swat_objective_function.R:25)
swat_objective_function: no visible global function definition for
‘lines’
(/data/gannet/ripley/R/packages/tests-devel/EcoHydRology/R/swat_objective_function.R:26)
swat_objective_function_rch: no visible global function definition for
‘runif’
(/data/gannet/ripley/R/packages/tests-devel/EcoHydRology/R/swat_objective_function_rch.R:5)
swat_objective_function_rch: no visible global function definition for
‘read.fortran’
(/data/gannet/ripley/R/packages/tests-devel/EcoHydRology/R/swat_objective_function_rch.R:16)
testSWAT2005 : runSWAT2005: no visible global function definition for
‘read.fortran’
(/data/gannet/ripley/R/packages/tests-devel/EcoHydRology/R/testSWAT2005.R:23-24)
Undefined global functions or variables:
axis barplot download.file lines mtext na.omit par plot quantile
read.csv read.delim read.fortran runif
Consider adding
importFrom("graphics", "axis", "barplot", "lines", "mtext", "par",
"plot")
importFrom("stats", "na.omit", "quantile", "runif")
importFrom("utils", "download.file", "read.csv", "read.delim",
"read.fortran")
to your NAMESPACE file.
Flavor: r-devel-linux-x86_64-fedora-gcc
Version: 0.4.12
Check: R code for possible problems
Result: NOTE
BaseflowSeparation: no visible global function definition for
'quantile'
(D:/temp/RtmpmupVoz/R.INSTALL3768545352a3/EcoHydRology/R/BaseflowSeparation.R:8)
SWAT2005: no visible global function definition for 'read.fortran'
(D:/temp/RtmpmupVoz/R.INSTALL3768545352a3/EcoHydRology/R/SWAT2005.R:16)
alter_files: no visible global function definition for 'read.fortran'
(D:/temp/RtmpmupVoz/R.INSTALL3768545352a3/EcoHydRology/R/alter_files.R:22)
build_gsod_forcing_data: no visible global function definition for
'na.omit'
(D:/temp/RtmpmupVoz/R.INSTALL3768545352a3/EcoHydRology/R/build_gsod_forcing_data.R:33)
get_cfsr_latlon: no visible global function definition for
'download.file'
(D:/temp/RtmpmupVoz/R.INSTALL3768545352a3/EcoHydRology/R/get_cfsr_latlon.R:10)
get_cfsr_latlon: no visible global function definition for 'read.csv'
(D:/temp/RtmpmupVoz/R.INSTALL3768545352a3/EcoHydRology/R/get_cfsr_latlon.R:11)
get_gsod_stn: no visible global function definition for 'read.csv'
(D:/temp/RtmpmupVoz/R.INSTALL3768545352a3/EcoHydRology/R/get_gsod_stn.R:22-23)
get_gsod_stn: no visible global function definition for 'download.file'
(D:/temp/RtmpmupVoz/R.INSTALL3768545352a3/EcoHydRology/R/get_gsod_stn.R:44)
get_usgs_gage: no visible global function definition for 'read.delim'
(D:/temp/RtmpmupVoz/R.INSTALL3768545352a3/EcoHydRology/R/get_usgs_gage.R:10)
get_usgs_gage: no visible global function definition for 'read.delim'
(D:/temp/RtmpmupVoz/R.INSTALL3768545352a3/EcoHydRology/R/get_usgs_gage.R:25)
get_usgs_gage: no visible global function definition for 'na.omit'
(D:/temp/RtmpmupVoz/R.INSTALL3768545352a3/EcoHydRology/R/get_usgs_gage.R:28)
hydrograph: no visible global function definition for 'par'
(D:/temp/RtmpmupVoz/R.INSTALL3768545352a3/EcoHydRology/R/hydrograph.R:15)
hydrograph: no visible global function definition for 'barplot'
(D:/temp/RtmpmupVoz/R.INSTALL3768545352a3/EcoHydRology/R/hydrograph.R:16-18)
hydrograph: no visible global function definition for 'na.omit'
(D:/temp/RtmpmupVoz/R.INSTALL3768545352a3/EcoHydRology/R/hydrograph.R:16-18)
hydrograph: no visible global function definition for 'axis'
(D:/temp/RtmpmupVoz/R.INSTALL3768545352a3/EcoHydRology/R/hydrograph.R:19)
hydrograph: no visible global function definition for 'axis'
(D:/temp/RtmpmupVoz/R.INSTALL3768545352a3/EcoHydRology/R/hydrograph.R:20-26)
hydrograph: no visible global function definition for 'na.omit'
(D:/temp/RtmpmupVoz/R.INSTALL3768545352a3/EcoHydRology/R/hydrograph.R:20-26)
hydrograph: no visible global function definition for 'mtext'
(D:/temp/RtmpmupVoz/R.INSTALL3768545352a3/EcoHydRology/R/hydrograph.R:28)
hydrograph: no visible global function definition for 'mtext'
(D:/temp/RtmpmupVoz/R.INSTALL3768545352a3/EcoHydRology/R/hydrograph.R:27-29)
hydrograph: no visible global function definition for 'par'
(D:/temp/RtmpmupVoz/R.INSTALL3768545352a3/EcoHydRology/R/hydrograph.R:30)
hydrograph: no visible global function definition for 'barplot'
(D:/temp/RtmpmupVoz/R.INSTALL3768545352a3/EcoHydRology/R/hydrograph.R:33-35)
hydrograph: no visible global function definition for 'na.omit'
(D:/temp/RtmpmupVoz/R.INSTALL3768545352a3/EcoHydRology/R/hydrograph.R:33-35)
hydrograph: no visible global function definition for 'par'
(D:/temp/RtmpmupVoz/R.INSTALL3768545352a3/EcoHydRology/R/hydrograph.R:36)
hydrograph: no visible global function definition for 'plot'
(D:/temp/RtmpmupVoz/R.INSTALL3768545352a3/EcoHydRology/R/hydrograph.R:39-42)
hydrograph: no visible global function definition for 'na.omit'
(D:/temp/RtmpmupVoz/R.INSTALL3768545352a3/EcoHydRology/R/hydrograph.R:39-42)
hydrograph: no visible global function definition for 'mtext'
(D:/temp/RtmpmupVoz/R.INSTALL3768545352a3/EcoHydRology/R/hydrograph.R:45)
hydrograph: no visible global function definition for 'mtext'
(D:/temp/RtmpmupVoz/R.INSTALL3768545352a3/EcoHydRology/R/hydrograph.R:47)
hydrograph: no visible global function definition for 'mtext'
(D:/temp/RtmpmupVoz/R.INSTALL3768545352a3/EcoHydRology/R/hydrograph.R:44-48)
hydrograph: no visible global function definition for 'lines'
(D:/temp/RtmpmupVoz/R.INSTALL3768545352a3/EcoHydRology/R/hydrograph.R:49-50)
hydrograph: no visible global function definition for 'lines'
(D:/temp/RtmpmupVoz/R.INSTALL3768545352a3/EcoHydRology/R/hydrograph.R:52-53)
hydrograph: no visible global function definition for 'lines'
(D:/temp/RtmpmupVoz/R.INSTALL3768545352a3/EcoHydRology/R/hydrograph.R:56-57)
hydrograph: no visible global function definition for 'axis'
(D:/temp/RtmpmupVoz/R.INSTALL3768545352a3/EcoHydRology/R/hydrograph.R:59-61)
hydrograph: no visible global function definition for 'axis'
(D:/temp/RtmpmupVoz/R.INSTALL3768545352a3/EcoHydRology/R/hydrograph.R:63)
swat_objective_function: no visible global function definition for
'read.fortran'
(D:/temp/RtmpmupVoz/R.INSTALL3768545352a3/EcoHydRology/R/swat_objective_function.R:11)
swat_objective_function: no visible global function definition for
'plot'
(D:/temp/RtmpmupVoz/R.INSTALL3768545352a3/EcoHydRology/R/swat_objective_function.R:25)
swat_objective_function: no visible global function definition for
'lines'
(D:/temp/RtmpmupVoz/R.INSTALL3768545352a3/EcoHydRology/R/swat_objective_function.R:26)
swat_objective_function_rch: no visible global function definition for
'runif'
(D:/temp/RtmpmupVoz/R.INSTALL3768545352a3/EcoHydRology/R/swat_objective_function_rch.R:5)
swat_objective_function_rch: no visible global function definition for
'read.fortran'
(D:/temp/RtmpmupVoz/R.INSTALL3768545352a3/EcoHydRology/R/swat_objective_function_rch.R:16)
testSWAT2005 : runSWAT2005: no visible global function definition for
'read.fortran'
(D:/temp/RtmpmupVoz/R.INSTALL3768545352a3/EcoHydRology/R/testSWAT2005.R:23-24)
Undefined global functions or variables:
axis barplot download.file lines mtext na.omit par plot quantile
read.csv read.delim read.fortran runif
Consider adding
importFrom("graphics", "axis", "barplot", "lines", "mtext", "par",
"plot")
importFrom("stats", "na.omit", "quantile", "runif")
importFrom("utils", "download.file", "read.csv", "read.delim",
"read.fortran")
to your NAMESPACE file.
Flavor: r-devel-windows-ix86+x86_64
Version: 0.4.12
Check: examples
Result: ERROR
Running examples in 'EcoHydRology-Ex.R' failed
The error most likely occurred in:
> ### Name: get_usgs_gage
> ### Title: A function to grab daily stream flow measurements from the USGS
> ### waterdata.usgs.gov server.
> ### Aliases: get_usgs_gage
>
> ### ** Examples
>
>
> flowgage_id="04216500"
> flowgage=get_usgs_gage(flowgage_id)
Warning in file(con, "r") :
InternetOpenUrl failed: 'Eine Umleitungsanforderung ändert eine nicht sichere in eine sichere Verbindung.'
Error in file(con, "r") : cannot open the connection
Calls: get_usgs_gage -> readLines -> file
Execution halted
Flavors: r-devel-windows-ix86+x86_64, r-release-windows-ix86+x86_64, r-oldrel-windows-ix86+x86_64
Version: 0.4.12
Check: R code for possible problems
Result: NOTE
BaseflowSeparation: no visible global function definition for
‘quantile’
(/tmp/RtmpalQnMS/R.INSTALL72276e6c65b8/EcoHydRology/R/BaseflowSeparation.R:8)
SWAT2005: no visible global function definition for ‘read.fortran’
(/tmp/RtmpalQnMS/R.INSTALL72276e6c65b8/EcoHydRology/R/SWAT2005.R:16)
alter_files: no visible global function definition for ‘read.fortran’
(/tmp/RtmpalQnMS/R.INSTALL72276e6c65b8/EcoHydRology/R/alter_files.R:22)
build_gsod_forcing_data: no visible global function definition for
‘na.omit’
(/tmp/RtmpalQnMS/R.INSTALL72276e6c65b8/EcoHydRology/R/build_gsod_forcing_data.R:33)
get_cfsr_latlon: no visible global function definition for
‘download.file’
(/tmp/RtmpalQnMS/R.INSTALL72276e6c65b8/EcoHydRology/R/get_cfsr_latlon.R:10)
get_cfsr_latlon: no visible global function definition for ‘read.csv’
(/tmp/RtmpalQnMS/R.INSTALL72276e6c65b8/EcoHydRology/R/get_cfsr_latlon.R:11)
get_gsod_stn: no visible global function definition for ‘read.csv’
(/tmp/RtmpalQnMS/R.INSTALL72276e6c65b8/EcoHydRology/R/get_gsod_stn.R:22-23)
get_gsod_stn: no visible global function definition for ‘download.file’
(/tmp/RtmpalQnMS/R.INSTALL72276e6c65b8/EcoHydRology/R/get_gsod_stn.R:44)
get_usgs_gage: no visible global function definition for ‘read.delim’
(/tmp/RtmpalQnMS/R.INSTALL72276e6c65b8/EcoHydRology/R/get_usgs_gage.R:10)
get_usgs_gage: no visible global function definition for ‘read.delim’
(/tmp/RtmpalQnMS/R.INSTALL72276e6c65b8/EcoHydRology/R/get_usgs_gage.R:25)
get_usgs_gage: no visible global function definition for ‘na.omit’
(/tmp/RtmpalQnMS/R.INSTALL72276e6c65b8/EcoHydRology/R/get_usgs_gage.R:28)
hydrograph: no visible global function definition for ‘par’
(/tmp/RtmpalQnMS/R.INSTALL72276e6c65b8/EcoHydRology/R/hydrograph.R:15)
hydrograph: no visible global function definition for ‘barplot’
(/tmp/RtmpalQnMS/R.INSTALL72276e6c65b8/EcoHydRology/R/hydrograph.R:16-18)
hydrograph: no visible global function definition for ‘na.omit’
(/tmp/RtmpalQnMS/R.INSTALL72276e6c65b8/EcoHydRology/R/hydrograph.R:16-18)
hydrograph: no visible global function definition for ‘axis’
(/tmp/RtmpalQnMS/R.INSTALL72276e6c65b8/EcoHydRology/R/hydrograph.R:19)
hydrograph: no visible global function definition for ‘axis’
(/tmp/RtmpalQnMS/R.INSTALL72276e6c65b8/EcoHydRology/R/hydrograph.R:20-26)
hydrograph: no visible global function definition for ‘na.omit’
(/tmp/RtmpalQnMS/R.INSTALL72276e6c65b8/EcoHydRology/R/hydrograph.R:20-26)
hydrograph: no visible global function definition for ‘mtext’
(/tmp/RtmpalQnMS/R.INSTALL72276e6c65b8/EcoHydRology/R/hydrograph.R:28)
hydrograph: no visible global function definition for ‘mtext’
(/tmp/RtmpalQnMS/R.INSTALL72276e6c65b8/EcoHydRology/R/hydrograph.R:27-29)
hydrograph: no visible global function definition for ‘par’
(/tmp/RtmpalQnMS/R.INSTALL72276e6c65b8/EcoHydRology/R/hydrograph.R:30)
hydrograph: no visible global function definition for ‘barplot’
(/tmp/RtmpalQnMS/R.INSTALL72276e6c65b8/EcoHydRology/R/hydrograph.R:33-35)
hydrograph: no visible global function definition for ‘na.omit’
(/tmp/RtmpalQnMS/R.INSTALL72276e6c65b8/EcoHydRology/R/hydrograph.R:33-35)
hydrograph: no visible global function definition for ‘par’
(/tmp/RtmpalQnMS/R.INSTALL72276e6c65b8/EcoHydRology/R/hydrograph.R:36)
hydrograph: no visible global function definition for ‘plot’
(/tmp/RtmpalQnMS/R.INSTALL72276e6c65b8/EcoHydRology/R/hydrograph.R:39-42)
hydrograph: no visible global function definition for ‘na.omit’
(/tmp/RtmpalQnMS/R.INSTALL72276e6c65b8/EcoHydRology/R/hydrograph.R:39-42)
hydrograph: no visible global function definition for ‘mtext’
(/tmp/RtmpalQnMS/R.INSTALL72276e6c65b8/EcoHydRology/R/hydrograph.R:45)
hydrograph: no visible global function definition for ‘mtext’
(/tmp/RtmpalQnMS/R.INSTALL72276e6c65b8/EcoHydRology/R/hydrograph.R:47)
hydrograph: no visible global function definition for ‘mtext’
(/tmp/RtmpalQnMS/R.INSTALL72276e6c65b8/EcoHydRology/R/hydrograph.R:44-48)
hydrograph: no visible global function definition for ‘lines’
(/tmp/RtmpalQnMS/R.INSTALL72276e6c65b8/EcoHydRology/R/hydrograph.R:49-50)
hydrograph: no visible global function definition for ‘lines’
(/tmp/RtmpalQnMS/R.INSTALL72276e6c65b8/EcoHydRology/R/hydrograph.R:52-53)
hydrograph: no visible global function definition for ‘lines’
(/tmp/RtmpalQnMS/R.INSTALL72276e6c65b8/EcoHydRology/R/hydrograph.R:56-57)
hydrograph: no visible global function definition for ‘axis’
(/tmp/RtmpalQnMS/R.INSTALL72276e6c65b8/EcoHydRology/R/hydrograph.R:59-61)
hydrograph: no visible global function definition for ‘axis’
(/tmp/RtmpalQnMS/R.INSTALL72276e6c65b8/EcoHydRology/R/hydrograph.R:63)
swat_objective_function: no visible global function definition for
‘read.fortran’
(/tmp/RtmpalQnMS/R.INSTALL72276e6c65b8/EcoHydRology/R/swat_objective_function.R:11)
swat_objective_function: no visible global function definition for
‘plot’
(/tmp/RtmpalQnMS/R.INSTALL72276e6c65b8/EcoHydRology/R/swat_objective_function.R:25)
swat_objective_function: no visible global function definition for
‘lines’
(/tmp/RtmpalQnMS/R.INSTALL72276e6c65b8/EcoHydRology/R/swat_objective_function.R:26)
swat_objective_function_rch: no visible global function definition for
‘runif’
(/tmp/RtmpalQnMS/R.INSTALL72276e6c65b8/EcoHydRology/R/swat_objective_function_rch.R:5)
swat_objective_function_rch: no visible global function definition for
‘read.fortran’
(/tmp/RtmpalQnMS/R.INSTALL72276e6c65b8/EcoHydRology/R/swat_objective_function_rch.R:16)
testSWAT2005 : runSWAT2005: no visible global function definition for
‘read.fortran’
(/tmp/RtmpalQnMS/R.INSTALL72276e6c65b8/EcoHydRology/R/testSWAT2005.R:23-24)
Undefined global functions or variables:
axis barplot download.file lines mtext na.omit par plot quantile
read.csv read.delim read.fortran runif
Consider adding
importFrom("graphics", "axis", "barplot", "lines", "mtext", "par",
"plot")
importFrom("stats", "na.omit", "quantile", "runif")
importFrom("utils", "download.file", "read.csv", "read.delim",
"read.fortran")
to your NAMESPACE file.
Flavor: r-patched-linux-x86_64
Version: 0.4.12
Check: R code for possible problems
Result: NOTE
BaseflowSeparation: no visible global function definition for
‘quantile’
(/tmp/RtmpxlaO5R/R.INSTALL57cd7b275e53/EcoHydRology/R/BaseflowSeparation.R:8)
SWAT2005: no visible global function definition for ‘read.fortran’
(/tmp/RtmpxlaO5R/R.INSTALL57cd7b275e53/EcoHydRology/R/SWAT2005.R:16)
alter_files: no visible global function definition for ‘read.fortran’
(/tmp/RtmpxlaO5R/R.INSTALL57cd7b275e53/EcoHydRology/R/alter_files.R:22)
build_gsod_forcing_data: no visible global function definition for
‘na.omit’
(/tmp/RtmpxlaO5R/R.INSTALL57cd7b275e53/EcoHydRology/R/build_gsod_forcing_data.R:33)
get_cfsr_latlon: no visible global function definition for
‘download.file’
(/tmp/RtmpxlaO5R/R.INSTALL57cd7b275e53/EcoHydRology/R/get_cfsr_latlon.R:10)
get_cfsr_latlon: no visible global function definition for ‘read.csv’
(/tmp/RtmpxlaO5R/R.INSTALL57cd7b275e53/EcoHydRology/R/get_cfsr_latlon.R:11)
get_gsod_stn: no visible global function definition for ‘read.csv’
(/tmp/RtmpxlaO5R/R.INSTALL57cd7b275e53/EcoHydRology/R/get_gsod_stn.R:22-23)
get_gsod_stn: no visible global function definition for ‘download.file’
(/tmp/RtmpxlaO5R/R.INSTALL57cd7b275e53/EcoHydRology/R/get_gsod_stn.R:44)
get_usgs_gage: no visible global function definition for ‘read.delim’
(/tmp/RtmpxlaO5R/R.INSTALL57cd7b275e53/EcoHydRology/R/get_usgs_gage.R:10)
get_usgs_gage: no visible global function definition for ‘read.delim’
(/tmp/RtmpxlaO5R/R.INSTALL57cd7b275e53/EcoHydRology/R/get_usgs_gage.R:25)
get_usgs_gage: no visible global function definition for ‘na.omit’
(/tmp/RtmpxlaO5R/R.INSTALL57cd7b275e53/EcoHydRology/R/get_usgs_gage.R:28)
hydrograph: no visible global function definition for ‘par’
(/tmp/RtmpxlaO5R/R.INSTALL57cd7b275e53/EcoHydRology/R/hydrograph.R:15)
hydrograph: no visible global function definition for ‘barplot’
(/tmp/RtmpxlaO5R/R.INSTALL57cd7b275e53/EcoHydRology/R/hydrograph.R:16-18)
hydrograph: no visible global function definition for ‘na.omit’
(/tmp/RtmpxlaO5R/R.INSTALL57cd7b275e53/EcoHydRology/R/hydrograph.R:16-18)
hydrograph: no visible global function definition for ‘axis’
(/tmp/RtmpxlaO5R/R.INSTALL57cd7b275e53/EcoHydRology/R/hydrograph.R:19)
hydrograph: no visible global function definition for ‘axis’
(/tmp/RtmpxlaO5R/R.INSTALL57cd7b275e53/EcoHydRology/R/hydrograph.R:20-26)
hydrograph: no visible global function definition for ‘na.omit’
(/tmp/RtmpxlaO5R/R.INSTALL57cd7b275e53/EcoHydRology/R/hydrograph.R:20-26)
hydrograph: no visible global function definition for ‘mtext’
(/tmp/RtmpxlaO5R/R.INSTALL57cd7b275e53/EcoHydRology/R/hydrograph.R:28)
hydrograph: no visible global function definition for ‘mtext’
(/tmp/RtmpxlaO5R/R.INSTALL57cd7b275e53/EcoHydRology/R/hydrograph.R:27-29)
hydrograph: no visible global function definition for ‘par’
(/tmp/RtmpxlaO5R/R.INSTALL57cd7b275e53/EcoHydRology/R/hydrograph.R:30)
hydrograph: no visible global function definition for ‘barplot’
(/tmp/RtmpxlaO5R/R.INSTALL57cd7b275e53/EcoHydRology/R/hydrograph.R:33-35)
hydrograph: no visible global function definition for ‘na.omit’
(/tmp/RtmpxlaO5R/R.INSTALL57cd7b275e53/EcoHydRology/R/hydrograph.R:33-35)
hydrograph: no visible global function definition for ‘par’
(/tmp/RtmpxlaO5R/R.INSTALL57cd7b275e53/EcoHydRology/R/hydrograph.R:36)
hydrograph: no visible global function definition for ‘plot’
(/tmp/RtmpxlaO5R/R.INSTALL57cd7b275e53/EcoHydRology/R/hydrograph.R:39-42)
hydrograph: no visible global function definition for ‘na.omit’
(/tmp/RtmpxlaO5R/R.INSTALL57cd7b275e53/EcoHydRology/R/hydrograph.R:39-42)
hydrograph: no visible global function definition for ‘mtext’
(/tmp/RtmpxlaO5R/R.INSTALL57cd7b275e53/EcoHydRology/R/hydrograph.R:45)
hydrograph: no visible global function definition for ‘mtext’
(/tmp/RtmpxlaO5R/R.INSTALL57cd7b275e53/EcoHydRology/R/hydrograph.R:47)
hydrograph: no visible global function definition for ‘mtext’
(/tmp/RtmpxlaO5R/R.INSTALL57cd7b275e53/EcoHydRology/R/hydrograph.R:44-48)
hydrograph: no visible global function definition for ‘lines’
(/tmp/RtmpxlaO5R/R.INSTALL57cd7b275e53/EcoHydRology/R/hydrograph.R:49-50)
hydrograph: no visible global function definition for ‘lines’
(/tmp/RtmpxlaO5R/R.INSTALL57cd7b275e53/EcoHydRology/R/hydrograph.R:52-53)
hydrograph: no visible global function definition for ‘lines’
(/tmp/RtmpxlaO5R/R.INSTALL57cd7b275e53/EcoHydRology/R/hydrograph.R:56-57)
hydrograph: no visible global function definition for ‘axis’
(/tmp/RtmpxlaO5R/R.INSTALL57cd7b275e53/EcoHydRology/R/hydrograph.R:59-61)
hydrograph: no visible global function definition for ‘axis’
(/tmp/RtmpxlaO5R/R.INSTALL57cd7b275e53/EcoHydRology/R/hydrograph.R:63)
swat_objective_function: no visible global function definition for
‘read.fortran’
(/tmp/RtmpxlaO5R/R.INSTALL57cd7b275e53/EcoHydRology/R/swat_objective_function.R:11)
swat_objective_function: no visible global function definition for
‘plot’
(/tmp/RtmpxlaO5R/R.INSTALL57cd7b275e53/EcoHydRology/R/swat_objective_function.R:25)
swat_objective_function: no visible global function definition for
‘lines’
(/tmp/RtmpxlaO5R/R.INSTALL57cd7b275e53/EcoHydRology/R/swat_objective_function.R:26)
swat_objective_function_rch: no visible global function definition for
‘runif’
(/tmp/RtmpxlaO5R/R.INSTALL57cd7b275e53/EcoHydRology/R/swat_objective_function_rch.R:5)
swat_objective_function_rch: no visible global function definition for
‘read.fortran’
(/tmp/RtmpxlaO5R/R.INSTALL57cd7b275e53/EcoHydRology/R/swat_objective_function_rch.R:16)
testSWAT2005 : runSWAT2005: no visible global function definition for
‘read.fortran’
(/tmp/RtmpxlaO5R/R.INSTALL57cd7b275e53/EcoHydRology/R/testSWAT2005.R:23-24)
Undefined global functions or variables:
axis barplot download.file lines mtext na.omit par plot quantile
read.csv read.delim read.fortran runif
Consider adding
importFrom("graphics", "axis", "barplot", "lines", "mtext", "par",
"plot")
importFrom("stats", "na.omit", "quantile", "runif")
importFrom("utils", "download.file", "read.csv", "read.delim",
"read.fortran")
to your NAMESPACE file.
Flavor: r-patched-solaris-x86
Version: 0.4.12
Check: R code for possible problems
Result: NOTE
BaseflowSeparation: no visible global function definition for
‘quantile’
(/tmp/RtmpEOnaaV/R.INSTALL577a25cda88f/EcoHydRology/R/BaseflowSeparation.R:8)
SWAT2005: no visible global function definition for ‘read.fortran’
(/tmp/RtmpEOnaaV/R.INSTALL577a25cda88f/EcoHydRology/R/SWAT2005.R:16)
alter_files: no visible global function definition for ‘read.fortran’
(/tmp/RtmpEOnaaV/R.INSTALL577a25cda88f/EcoHydRology/R/alter_files.R:22)
build_gsod_forcing_data: no visible global function definition for
‘na.omit’
(/tmp/RtmpEOnaaV/R.INSTALL577a25cda88f/EcoHydRology/R/build_gsod_forcing_data.R:33)
get_cfsr_latlon: no visible global function definition for
‘download.file’
(/tmp/RtmpEOnaaV/R.INSTALL577a25cda88f/EcoHydRology/R/get_cfsr_latlon.R:10)
get_cfsr_latlon: no visible global function definition for ‘read.csv’
(/tmp/RtmpEOnaaV/R.INSTALL577a25cda88f/EcoHydRology/R/get_cfsr_latlon.R:11)
get_gsod_stn: no visible global function definition for ‘read.csv’
(/tmp/RtmpEOnaaV/R.INSTALL577a25cda88f/EcoHydRology/R/get_gsod_stn.R:22-23)
get_gsod_stn: no visible global function definition for ‘download.file’
(/tmp/RtmpEOnaaV/R.INSTALL577a25cda88f/EcoHydRology/R/get_gsod_stn.R:44)
get_usgs_gage: no visible global function definition for ‘read.delim’
(/tmp/RtmpEOnaaV/R.INSTALL577a25cda88f/EcoHydRology/R/get_usgs_gage.R:10)
get_usgs_gage: no visible global function definition for ‘read.delim’
(/tmp/RtmpEOnaaV/R.INSTALL577a25cda88f/EcoHydRology/R/get_usgs_gage.R:25)
get_usgs_gage: no visible global function definition for ‘na.omit’
(/tmp/RtmpEOnaaV/R.INSTALL577a25cda88f/EcoHydRology/R/get_usgs_gage.R:28)
hydrograph: no visible global function definition for ‘par’
(/tmp/RtmpEOnaaV/R.INSTALL577a25cda88f/EcoHydRology/R/hydrograph.R:15)
hydrograph: no visible global function definition for ‘barplot’
(/tmp/RtmpEOnaaV/R.INSTALL577a25cda88f/EcoHydRology/R/hydrograph.R:16-18)
hydrograph: no visible global function definition for ‘na.omit’
(/tmp/RtmpEOnaaV/R.INSTALL577a25cda88f/EcoHydRology/R/hydrograph.R:16-18)
hydrograph: no visible global function definition for ‘axis’
(/tmp/RtmpEOnaaV/R.INSTALL577a25cda88f/EcoHydRology/R/hydrograph.R:19)
hydrograph: no visible global function definition for ‘axis’
(/tmp/RtmpEOnaaV/R.INSTALL577a25cda88f/EcoHydRology/R/hydrograph.R:20-26)
hydrograph: no visible global function definition for ‘na.omit’
(/tmp/RtmpEOnaaV/R.INSTALL577a25cda88f/EcoHydRology/R/hydrograph.R:20-26)
hydrograph: no visible global function definition for ‘mtext’
(/tmp/RtmpEOnaaV/R.INSTALL577a25cda88f/EcoHydRology/R/hydrograph.R:28)
hydrograph: no visible global function definition for ‘mtext’
(/tmp/RtmpEOnaaV/R.INSTALL577a25cda88f/EcoHydRology/R/hydrograph.R:27-29)
hydrograph: no visible global function definition for ‘par’
(/tmp/RtmpEOnaaV/R.INSTALL577a25cda88f/EcoHydRology/R/hydrograph.R:30)
hydrograph: no visible global function definition for ‘barplot’
(/tmp/RtmpEOnaaV/R.INSTALL577a25cda88f/EcoHydRology/R/hydrograph.R:33-35)
hydrograph: no visible global function definition for ‘na.omit’
(/tmp/RtmpEOnaaV/R.INSTALL577a25cda88f/EcoHydRology/R/hydrograph.R:33-35)
hydrograph: no visible global function definition for ‘par’
(/tmp/RtmpEOnaaV/R.INSTALL577a25cda88f/EcoHydRology/R/hydrograph.R:36)
hydrograph: no visible global function definition for ‘plot’
(/tmp/RtmpEOnaaV/R.INSTALL577a25cda88f/EcoHydRology/R/hydrograph.R:39-42)
hydrograph: no visible global function definition for ‘na.omit’
(/tmp/RtmpEOnaaV/R.INSTALL577a25cda88f/EcoHydRology/R/hydrograph.R:39-42)
hydrograph: no visible global function definition for ‘mtext’
(/tmp/RtmpEOnaaV/R.INSTALL577a25cda88f/EcoHydRology/R/hydrograph.R:45)
hydrograph: no visible global function definition for ‘mtext’
(/tmp/RtmpEOnaaV/R.INSTALL577a25cda88f/EcoHydRology/R/hydrograph.R:47)
hydrograph: no visible global function definition for ‘mtext’
(/tmp/RtmpEOnaaV/R.INSTALL577a25cda88f/EcoHydRology/R/hydrograph.R:44-48)
hydrograph: no visible global function definition for ‘lines’
(/tmp/RtmpEOnaaV/R.INSTALL577a25cda88f/EcoHydRology/R/hydrograph.R:49-50)
hydrograph: no visible global function definition for ‘lines’
(/tmp/RtmpEOnaaV/R.INSTALL577a25cda88f/EcoHydRology/R/hydrograph.R:52-53)
hydrograph: no visible global function definition for ‘lines’
(/tmp/RtmpEOnaaV/R.INSTALL577a25cda88f/EcoHydRology/R/hydrograph.R:56-57)
hydrograph: no visible global function definition for ‘axis’
(/tmp/RtmpEOnaaV/R.INSTALL577a25cda88f/EcoHydRology/R/hydrograph.R:59-61)
hydrograph: no visible global function definition for ‘axis’
(/tmp/RtmpEOnaaV/R.INSTALL577a25cda88f/EcoHydRology/R/hydrograph.R:63)
swat_objective_function: no visible global function definition for
‘read.fortran’
(/tmp/RtmpEOnaaV/R.INSTALL577a25cda88f/EcoHydRology/R/swat_objective_function.R:11)
swat_objective_function: no visible global function definition for
‘plot’
(/tmp/RtmpEOnaaV/R.INSTALL577a25cda88f/EcoHydRology/R/swat_objective_function.R:25)
swat_objective_function: no visible global function definition for
‘lines’
(/tmp/RtmpEOnaaV/R.INSTALL577a25cda88f/EcoHydRology/R/swat_objective_function.R:26)
swat_objective_function_rch: no visible global function definition for
‘runif’
(/tmp/RtmpEOnaaV/R.INSTALL577a25cda88f/EcoHydRology/R/swat_objective_function_rch.R:5)
swat_objective_function_rch: no visible global function definition for
‘read.fortran’
(/tmp/RtmpEOnaaV/R.INSTALL577a25cda88f/EcoHydRology/R/swat_objective_function_rch.R:16)
testSWAT2005 : runSWAT2005: no visible global function definition for
‘read.fortran’
(/tmp/RtmpEOnaaV/R.INSTALL577a25cda88f/EcoHydRology/R/testSWAT2005.R:23-24)
Undefined global functions or variables:
axis barplot download.file lines mtext na.omit par plot quantile
read.csv read.delim read.fortran runif
Consider adding
importFrom("graphics", "axis", "barplot", "lines", "mtext", "par",
"plot")
importFrom("stats", "na.omit", "quantile", "runif")
importFrom("utils", "download.file", "read.csv", "read.delim",
"read.fortran")
to your NAMESPACE file.
Flavor: r-release-linux-x86_64
Version: 0.4.12
Check: R code for possible problems
Result: NOTE
BaseflowSeparation: no visible global function definition for
'quantile'
(D:/temp/RtmpScoNzd/R.INSTALL333d857724bb6/EcoHydRology/R/BaseflowSeparation.R:8)
SWAT2005: no visible global function definition for 'read.fortran'
(D:/temp/RtmpScoNzd/R.INSTALL333d857724bb6/EcoHydRology/R/SWAT2005.R:16)
alter_files: no visible global function definition for 'read.fortran'
(D:/temp/RtmpScoNzd/R.INSTALL333d857724bb6/EcoHydRology/R/alter_files.R:22)
build_gsod_forcing_data: no visible global function definition for
'na.omit'
(D:/temp/RtmpScoNzd/R.INSTALL333d857724bb6/EcoHydRology/R/build_gsod_forcing_data.R:33)
get_cfsr_latlon: no visible global function definition for
'download.file'
(D:/temp/RtmpScoNzd/R.INSTALL333d857724bb6/EcoHydRology/R/get_cfsr_latlon.R:10)
get_cfsr_latlon: no visible global function definition for 'read.csv'
(D:/temp/RtmpScoNzd/R.INSTALL333d857724bb6/EcoHydRology/R/get_cfsr_latlon.R:11)
get_gsod_stn: no visible global function definition for 'read.csv'
(D:/temp/RtmpScoNzd/R.INSTALL333d857724bb6/EcoHydRology/R/get_gsod_stn.R:22-23)
get_gsod_stn: no visible global function definition for 'download.file'
(D:/temp/RtmpScoNzd/R.INSTALL333d857724bb6/EcoHydRology/R/get_gsod_stn.R:44)
get_usgs_gage: no visible global function definition for 'read.delim'
(D:/temp/RtmpScoNzd/R.INSTALL333d857724bb6/EcoHydRology/R/get_usgs_gage.R:10)
get_usgs_gage: no visible global function definition for 'read.delim'
(D:/temp/RtmpScoNzd/R.INSTALL333d857724bb6/EcoHydRology/R/get_usgs_gage.R:25)
get_usgs_gage: no visible global function definition for 'na.omit'
(D:/temp/RtmpScoNzd/R.INSTALL333d857724bb6/EcoHydRology/R/get_usgs_gage.R:28)
hydrograph: no visible global function definition for 'par'
(D:/temp/RtmpScoNzd/R.INSTALL333d857724bb6/EcoHydRology/R/hydrograph.R:15)
hydrograph: no visible global function definition for 'barplot'
(D:/temp/RtmpScoNzd/R.INSTALL333d857724bb6/EcoHydRology/R/hydrograph.R:16-18)
hydrograph: no visible global function definition for 'na.omit'
(D:/temp/RtmpScoNzd/R.INSTALL333d857724bb6/EcoHydRology/R/hydrograph.R:16-18)
hydrograph: no visible global function definition for 'axis'
(D:/temp/RtmpScoNzd/R.INSTALL333d857724bb6/EcoHydRology/R/hydrograph.R:19)
hydrograph: no visible global function definition for 'axis'
(D:/temp/RtmpScoNzd/R.INSTALL333d857724bb6/EcoHydRology/R/hydrograph.R:20-26)
hydrograph: no visible global function definition for 'na.omit'
(D:/temp/RtmpScoNzd/R.INSTALL333d857724bb6/EcoHydRology/R/hydrograph.R:20-26)
hydrograph: no visible global function definition for 'mtext'
(D:/temp/RtmpScoNzd/R.INSTALL333d857724bb6/EcoHydRology/R/hydrograph.R:28)
hydrograph: no visible global function definition for 'mtext'
(D:/temp/RtmpScoNzd/R.INSTALL333d857724bb6/EcoHydRology/R/hydrograph.R:27-29)
hydrograph: no visible global function definition for 'par'
(D:/temp/RtmpScoNzd/R.INSTALL333d857724bb6/EcoHydRology/R/hydrograph.R:30)
hydrograph: no visible global function definition for 'barplot'
(D:/temp/RtmpScoNzd/R.INSTALL333d857724bb6/EcoHydRology/R/hydrograph.R:33-35)
hydrograph: no visible global function definition for 'na.omit'
(D:/temp/RtmpScoNzd/R.INSTALL333d857724bb6/EcoHydRology/R/hydrograph.R:33-35)
hydrograph: no visible global function definition for 'par'
(D:/temp/RtmpScoNzd/R.INSTALL333d857724bb6/EcoHydRology/R/hydrograph.R:36)
hydrograph: no visible global function definition for 'plot'
(D:/temp/RtmpScoNzd/R.INSTALL333d857724bb6/EcoHydRology/R/hydrograph.R:39-42)
hydrograph: no visible global function definition for 'na.omit'
(D:/temp/RtmpScoNzd/R.INSTALL333d857724bb6/EcoHydRology/R/hydrograph.R:39-42)
hydrograph: no visible global function definition for 'mtext'
(D:/temp/RtmpScoNzd/R.INSTALL333d857724bb6/EcoHydRology/R/hydrograph.R:45)
hydrograph: no visible global function definition for 'mtext'
(D:/temp/RtmpScoNzd/R.INSTALL333d857724bb6/EcoHydRology/R/hydrograph.R:47)
hydrograph: no visible global function definition for 'mtext'
(D:/temp/RtmpScoNzd/R.INSTALL333d857724bb6/EcoHydRology/R/hydrograph.R:44-48)
hydrograph: no visible global function definition for 'lines'
(D:/temp/RtmpScoNzd/R.INSTALL333d857724bb6/EcoHydRology/R/hydrograph.R:49-50)
hydrograph: no visible global function definition for 'lines'
(D:/temp/RtmpScoNzd/R.INSTALL333d857724bb6/EcoHydRology/R/hydrograph.R:52-53)
hydrograph: no visible global function definition for 'lines'
(D:/temp/RtmpScoNzd/R.INSTALL333d857724bb6/EcoHydRology/R/hydrograph.R:56-57)
hydrograph: no visible global function definition for 'axis'
(D:/temp/RtmpScoNzd/R.INSTALL333d857724bb6/EcoHydRology/R/hydrograph.R:59-61)
hydrograph: no visible global function definition for 'axis'
(D:/temp/RtmpScoNzd/R.INSTALL333d857724bb6/EcoHydRology/R/hydrograph.R:63)
swat_objective_function: no visible global function definition for
'read.fortran'
(D:/temp/RtmpScoNzd/R.INSTALL333d857724bb6/EcoHydRology/R/swat_objective_function.R:11)
swat_objective_function: no visible global function definition for
'plot'
(D:/temp/RtmpScoNzd/R.INSTALL333d857724bb6/EcoHydRology/R/swat_objective_function.R:25)
swat_objective_function: no visible global function definition for
'lines'
(D:/temp/RtmpScoNzd/R.INSTALL333d857724bb6/EcoHydRology/R/swat_objective_function.R:26)
swat_objective_function_rch: no visible global function definition for
'runif'
(D:/temp/RtmpScoNzd/R.INSTALL333d857724bb6/EcoHydRology/R/swat_objective_function_rch.R:5)
swat_objective_function_rch: no visible global function definition for
'read.fortran'
(D:/temp/RtmpScoNzd/R.INSTALL333d857724bb6/EcoHydRology/R/swat_objective_function_rch.R:16)
testSWAT2005 : runSWAT2005: no visible global function definition for
'read.fortran'
(D:/temp/RtmpScoNzd/R.INSTALL333d857724bb6/EcoHydRology/R/testSWAT2005.R:23-24)
Undefined global functions or variables:
axis barplot download.file lines mtext na.omit par plot quantile
read.csv read.delim read.fortran runif
Consider adding
importFrom("graphics", "axis", "barplot", "lines", "mtext", "par",
"plot")
importFrom("stats", "na.omit", "quantile", "runif")
importFrom("utils", "download.file", "read.csv", "read.delim",
"read.fortran")
to your NAMESPACE file.
Flavor: r-release-windows-ix86+x86_64
Version: 0.4.12
Check: R code for possible problems
Result: NOTE
BaseflowSeparation: no visible global function definition for
‘quantile’
(/Volumes/SSD-Data/Builds/R-dev-web/QA/Simon/packages/el-capitan-x86_64/results/3.5/EcoHydRology.Rcheck/00_pkg_src/EcoHydRology/R/BaseflowSeparation.R:8)
SWAT2005: no visible global function definition for ‘read.fortran’
(/Volumes/SSD-Data/Builds/R-dev-web/QA/Simon/packages/el-capitan-x86_64/results/3.5/EcoHydRology.Rcheck/00_pkg_src/EcoHydRology/R/SWAT2005.R:16)
alter_files: no visible global function definition for ‘read.fortran’
(/Volumes/SSD-Data/Builds/R-dev-web/QA/Simon/packages/el-capitan-x86_64/results/3.5/EcoHydRology.Rcheck/00_pkg_src/EcoHydRology/R/alter_files.R:22)
build_gsod_forcing_data: no visible global function definition for
‘na.omit’
(/Volumes/SSD-Data/Builds/R-dev-web/QA/Simon/packages/el-capitan-x86_64/results/3.5/EcoHydRology.Rcheck/00_pkg_src/EcoHydRology/R/build_gsod_forcing_data.R:33)
get_cfsr_latlon: no visible global function definition for
‘download.file’
(/Volumes/SSD-Data/Builds/R-dev-web/QA/Simon/packages/el-capitan-x86_64/results/3.5/EcoHydRology.Rcheck/00_pkg_src/EcoHydRology/R/get_cfsr_latlon.R:10)
get_cfsr_latlon: no visible global function definition for ‘read.csv’
(/Volumes/SSD-Data/Builds/R-dev-web/QA/Simon/packages/el-capitan-x86_64/results/3.5/EcoHydRology.Rcheck/00_pkg_src/EcoHydRology/R/get_cfsr_latlon.R:11)
get_gsod_stn: no visible global function definition for ‘read.csv’
(/Volumes/SSD-Data/Builds/R-dev-web/QA/Simon/packages/el-capitan-x86_64/results/3.5/EcoHydRology.Rcheck/00_pkg_src/EcoHydRology/R/get_gsod_stn.R:22-23)
get_gsod_stn: no visible global function definition for ‘download.file’
(/Volumes/SSD-Data/Builds/R-dev-web/QA/Simon/packages/el-capitan-x86_64/results/3.5/EcoHydRology.Rcheck/00_pkg_src/EcoHydRology/R/get_gsod_stn.R:44)
get_usgs_gage: no visible global function definition for ‘read.delim’
(/Volumes/SSD-Data/Builds/R-dev-web/QA/Simon/packages/el-capitan-x86_64/results/3.5/EcoHydRology.Rcheck/00_pkg_src/EcoHydRology/R/get_usgs_gage.R:10)
get_usgs_gage: no visible global function definition for ‘read.delim’
(/Volumes/SSD-Data/Builds/R-dev-web/QA/Simon/packages/el-capitan-x86_64/results/3.5/EcoHydRology.Rcheck/00_pkg_src/EcoHydRology/R/get_usgs_gage.R:25)
get_usgs_gage: no visible global function definition for ‘na.omit’
(/Volumes/SSD-Data/Builds/R-dev-web/QA/Simon/packages/el-capitan-x86_64/results/3.5/EcoHydRology.Rcheck/00_pkg_src/EcoHydRology/R/get_usgs_gage.R:28)
hydrograph: no visible global function definition for ‘par’
(/Volumes/SSD-Data/Builds/R-dev-web/QA/Simon/packages/el-capitan-x86_64/results/3.5/EcoHydRology.Rcheck/00_pkg_src/EcoHydRology/R/hydrograph.R:15)
hydrograph: no visible global function definition for ‘barplot’
(/Volumes/SSD-Data/Builds/R-dev-web/QA/Simon/packages/el-capitan-x86_64/results/3.5/EcoHydRology.Rcheck/00_pkg_src/EcoHydRology/R/hydrograph.R:16-18)
hydrograph: no visible global function definition for ‘na.omit’
(/Volumes/SSD-Data/Builds/R-dev-web/QA/Simon/packages/el-capitan-x86_64/results/3.5/EcoHydRology.Rcheck/00_pkg_src/EcoHydRology/R/hydrograph.R:16-18)
hydrograph: no visible global function definition for ‘axis’
(/Volumes/SSD-Data/Builds/R-dev-web/QA/Simon/packages/el-capitan-x86_64/results/3.5/EcoHydRology.Rcheck/00_pkg_src/EcoHydRology/R/hydrograph.R:19)
hydrograph: no visible global function definition for ‘axis’
(/Volumes/SSD-Data/Builds/R-dev-web/QA/Simon/packages/el-capitan-x86_64/results/3.5/EcoHydRology.Rcheck/00_pkg_src/EcoHydRology/R/hydrograph.R:20-26)
hydrograph: no visible global function definition for ‘na.omit’
(/Volumes/SSD-Data/Builds/R-dev-web/QA/Simon/packages/el-capitan-x86_64/results/3.5/EcoHydRology.Rcheck/00_pkg_src/EcoHydRology/R/hydrograph.R:20-26)
hydrograph: no visible global function definition for ‘mtext’
(/Volumes/SSD-Data/Builds/R-dev-web/QA/Simon/packages/el-capitan-x86_64/results/3.5/EcoHydRology.Rcheck/00_pkg_src/EcoHydRology/R/hydrograph.R:28)
hydrograph: no visible global function definition for ‘mtext’
(/Volumes/SSD-Data/Builds/R-dev-web/QA/Simon/packages/el-capitan-x86_64/results/3.5/EcoHydRology.Rcheck/00_pkg_src/EcoHydRology/R/hydrograph.R:27-29)
hydrograph: no visible global function definition for ‘par’
(/Volumes/SSD-Data/Builds/R-dev-web/QA/Simon/packages/el-capitan-x86_64/results/3.5/EcoHydRology.Rcheck/00_pkg_src/EcoHydRology/R/hydrograph.R:30)
hydrograph: no visible global function definition for ‘barplot’
(/Volumes/SSD-Data/Builds/R-dev-web/QA/Simon/packages/el-capitan-x86_64/results/3.5/EcoHydRology.Rcheck/00_pkg_src/EcoHydRology/R/hydrograph.R:33-35)
hydrograph: no visible global function definition for ‘na.omit’
(/Volumes/SSD-Data/Builds/R-dev-web/QA/Simon/packages/el-capitan-x86_64/results/3.5/EcoHydRology.Rcheck/00_pkg_src/EcoHydRology/R/hydrograph.R:33-35)
hydrograph: no visible global function definition for ‘par’
(/Volumes/SSD-Data/Builds/R-dev-web/QA/Simon/packages/el-capitan-x86_64/results/3.5/EcoHydRology.Rcheck/00_pkg_src/EcoHydRology/R/hydrograph.R:36)
hydrograph: no visible global function definition for ‘plot’
(/Volumes/SSD-Data/Builds/R-dev-web/QA/Simon/packages/el-capitan-x86_64/results/3.5/EcoHydRology.Rcheck/00_pkg_src/EcoHydRology/R/hydrograph.R:39-42)
hydrograph: no visible global function definition for ‘na.omit’
(/Volumes/SSD-Data/Builds/R-dev-web/QA/Simon/packages/el-capitan-x86_64/results/3.5/EcoHydRology.Rcheck/00_pkg_src/EcoHydRology/R/hydrograph.R:39-42)
hydrograph: no visible global function definition for ‘mtext’
(/Volumes/SSD-Data/Builds/R-dev-web/QA/Simon/packages/el-capitan-x86_64/results/3.5/EcoHydRology.Rcheck/00_pkg_src/EcoHydRology/R/hydrograph.R:45)
hydrograph: no visible global function definition for ‘mtext’
(/Volumes/SSD-Data/Builds/R-dev-web/QA/Simon/packages/el-capitan-x86_64/results/3.5/EcoHydRology.Rcheck/00_pkg_src/EcoHydRology/R/hydrograph.R:47)
hydrograph: no visible global function definition for ‘mtext’
(/Volumes/SSD-Data/Builds/R-dev-web/QA/Simon/packages/el-capitan-x86_64/results/3.5/EcoHydRology.Rcheck/00_pkg_src/EcoHydRology/R/hydrograph.R:44-48)
hydrograph: no visible global function definition for ‘lines’
(/Volumes/SSD-Data/Builds/R-dev-web/QA/Simon/packages/el-capitan-x86_64/results/3.5/EcoHydRology.Rcheck/00_pkg_src/EcoHydRology/R/hydrograph.R:49-50)
hydrograph: no visible global function definition for ‘lines’
(/Volumes/SSD-Data/Builds/R-dev-web/QA/Simon/packages/el-capitan-x86_64/results/3.5/EcoHydRology.Rcheck/00_pkg_src/EcoHydRology/R/hydrograph.R:52-53)
hydrograph: no visible global function definition for ‘lines’
(/Volumes/SSD-Data/Builds/R-dev-web/QA/Simon/packages/el-capitan-x86_64/results/3.5/EcoHydRology.Rcheck/00_pkg_src/EcoHydRology/R/hydrograph.R:56-57)
hydrograph: no visible global function definition for ‘axis’
(/Volumes/SSD-Data/Builds/R-dev-web/QA/Simon/packages/el-capitan-x86_64/results/3.5/EcoHydRology.Rcheck/00_pkg_src/EcoHydRology/R/hydrograph.R:59-61)
hydrograph: no visible global function definition for ‘axis’
(/Volumes/SSD-Data/Builds/R-dev-web/QA/Simon/packages/el-capitan-x86_64/results/3.5/EcoHydRology.Rcheck/00_pkg_src/EcoHydRology/R/hydrograph.R:63)
swat_objective_function: no visible global function definition for
‘read.fortran’
(/Volumes/SSD-Data/Builds/R-dev-web/QA/Simon/packages/el-capitan-x86_64/results/3.5/EcoHydRology.Rcheck/00_pkg_src/EcoHydRology/R/swat_objective_function.R:11)
swat_objective_function: no visible global function definition for
‘plot’
(/Volumes/SSD-Data/Builds/R-dev-web/QA/Simon/packages/el-capitan-x86_64/results/3.5/EcoHydRology.Rcheck/00_pkg_src/EcoHydRology/R/swat_objective_function.R:25)
swat_objective_function: no visible global function definition for
‘lines’
(/Volumes/SSD-Data/Builds/R-dev-web/QA/Simon/packages/el-capitan-x86_64/results/3.5/EcoHydRology.Rcheck/00_pkg_src/EcoHydRology/R/swat_objective_function.R:26)
swat_objective_function_rch: no visible global function definition for
‘runif’
(/Volumes/SSD-Data/Builds/R-dev-web/QA/Simon/packages/el-capitan-x86_64/results/3.5/EcoHydRology.Rcheck/00_pkg_src/EcoHydRology/R/swat_objective_function_rch.R:5)
swat_objective_function_rch: no visible global function definition for
‘read.fortran’
(/Volumes/SSD-Data/Builds/R-dev-web/QA/Simon/packages/el-capitan-x86_64/results/3.5/EcoHydRology.Rcheck/00_pkg_src/EcoHydRology/R/swat_objective_function_rch.R:16)
testSWAT2005 : runSWAT2005: no visible global function definition for
‘read.fortran’
(/Volumes/SSD-Data/Builds/R-dev-web/QA/Simon/packages/el-capitan-x86_64/results/3.5/EcoHydRology.Rcheck/00_pkg_src/EcoHydRology/R/testSWAT2005.R:23-24)
Undefined global functions or variables:
axis barplot download.file lines mtext na.omit par plot quantile
read.csv read.delim read.fortran runif
Consider adding
importFrom("graphics", "axis", "barplot", "lines", "mtext", "par",
"plot")
importFrom("stats", "na.omit", "quantile", "runif")
importFrom("utils", "download.file", "read.csv", "read.delim",
"read.fortran")
to your NAMESPACE file.
Flavor: r-release-osx-x86_64
Version: 0.4.12
Check: R code for possible problems
Result: NOTE
BaseflowSeparation: no visible global function definition for
'quantile'
(D:/temp/Rtmpcdg44R/R.INSTALL288f4575114bd/EcoHydRology/R/BaseflowSeparation.R:8)
SWAT2005: no visible global function definition for 'read.fortran'
(D:/temp/Rtmpcdg44R/R.INSTALL288f4575114bd/EcoHydRology/R/SWAT2005.R:16)
alter_files: no visible global function definition for 'read.fortran'
(D:/temp/Rtmpcdg44R/R.INSTALL288f4575114bd/EcoHydRology/R/alter_files.R:22)
build_gsod_forcing_data: no visible global function definition for
'na.omit'
(D:/temp/Rtmpcdg44R/R.INSTALL288f4575114bd/EcoHydRology/R/build_gsod_forcing_data.R:33)
get_cfsr_latlon: no visible global function definition for
'download.file'
(D:/temp/Rtmpcdg44R/R.INSTALL288f4575114bd/EcoHydRology/R/get_cfsr_latlon.R:10)
get_cfsr_latlon: no visible global function definition for 'read.csv'
(D:/temp/Rtmpcdg44R/R.INSTALL288f4575114bd/EcoHydRology/R/get_cfsr_latlon.R:11)
get_gsod_stn: no visible global function definition for 'read.csv'
(D:/temp/Rtmpcdg44R/R.INSTALL288f4575114bd/EcoHydRology/R/get_gsod_stn.R:22-23)
get_gsod_stn: no visible global function definition for 'download.file'
(D:/temp/Rtmpcdg44R/R.INSTALL288f4575114bd/EcoHydRology/R/get_gsod_stn.R:44)
get_usgs_gage: no visible global function definition for 'read.delim'
(D:/temp/Rtmpcdg44R/R.INSTALL288f4575114bd/EcoHydRology/R/get_usgs_gage.R:10)
get_usgs_gage: no visible global function definition for 'read.delim'
(D:/temp/Rtmpcdg44R/R.INSTALL288f4575114bd/EcoHydRology/R/get_usgs_gage.R:25)
get_usgs_gage: no visible global function definition for 'na.omit'
(D:/temp/Rtmpcdg44R/R.INSTALL288f4575114bd/EcoHydRology/R/get_usgs_gage.R:28)
hydrograph: no visible global function definition for 'par'
(D:/temp/Rtmpcdg44R/R.INSTALL288f4575114bd/EcoHydRology/R/hydrograph.R:15)
hydrograph: no visible global function definition for 'barplot'
(D:/temp/Rtmpcdg44R/R.INSTALL288f4575114bd/EcoHydRology/R/hydrograph.R:16-18)
hydrograph: no visible global function definition for 'na.omit'
(D:/temp/Rtmpcdg44R/R.INSTALL288f4575114bd/EcoHydRology/R/hydrograph.R:16-18)
hydrograph: no visible global function definition for 'axis'
(D:/temp/Rtmpcdg44R/R.INSTALL288f4575114bd/EcoHydRology/R/hydrograph.R:19)
hydrograph: no visible global function definition for 'axis'
(D:/temp/Rtmpcdg44R/R.INSTALL288f4575114bd/EcoHydRology/R/hydrograph.R:20-26)
hydrograph: no visible global function definition for 'na.omit'
(D:/temp/Rtmpcdg44R/R.INSTALL288f4575114bd/EcoHydRology/R/hydrograph.R:20-26)
hydrograph: no visible global function definition for 'mtext'
(D:/temp/Rtmpcdg44R/R.INSTALL288f4575114bd/EcoHydRology/R/hydrograph.R:28)
hydrograph: no visible global function definition for 'mtext'
(D:/temp/Rtmpcdg44R/R.INSTALL288f4575114bd/EcoHydRology/R/hydrograph.R:27-29)
hydrograph: no visible global function definition for 'par'
(D:/temp/Rtmpcdg44R/R.INSTALL288f4575114bd/EcoHydRology/R/hydrograph.R:30)
hydrograph: no visible global function definition for 'barplot'
(D:/temp/Rtmpcdg44R/R.INSTALL288f4575114bd/EcoHydRology/R/hydrograph.R:33-35)
hydrograph: no visible global function definition for 'na.omit'
(D:/temp/Rtmpcdg44R/R.INSTALL288f4575114bd/EcoHydRology/R/hydrograph.R:33-35)
hydrograph: no visible global function definition for 'par'
(D:/temp/Rtmpcdg44R/R.INSTALL288f4575114bd/EcoHydRology/R/hydrograph.R:36)
hydrograph: no visible global function definition for 'plot'
(D:/temp/Rtmpcdg44R/R.INSTALL288f4575114bd/EcoHydRology/R/hydrograph.R:39-42)
hydrograph: no visible global function definition for 'na.omit'
(D:/temp/Rtmpcdg44R/R.INSTALL288f4575114bd/EcoHydRology/R/hydrograph.R:39-42)
hydrograph: no visible global function definition for 'mtext'
(D:/temp/Rtmpcdg44R/R.INSTALL288f4575114bd/EcoHydRology/R/hydrograph.R:45)
hydrograph: no visible global function definition for 'mtext'
(D:/temp/Rtmpcdg44R/R.INSTALL288f4575114bd/EcoHydRology/R/hydrograph.R:47)
hydrograph: no visible global function definition for 'mtext'
(D:/temp/Rtmpcdg44R/R.INSTALL288f4575114bd/EcoHydRology/R/hydrograph.R:44-48)
hydrograph: no visible global function definition for 'lines'
(D:/temp/Rtmpcdg44R/R.INSTALL288f4575114bd/EcoHydRology/R/hydrograph.R:49-50)
hydrograph: no visible global function definition for 'lines'
(D:/temp/Rtmpcdg44R/R.INSTALL288f4575114bd/EcoHydRology/R/hydrograph.R:52-53)
hydrograph: no visible global function definition for 'lines'
(D:/temp/Rtmpcdg44R/R.INSTALL288f4575114bd/EcoHydRology/R/hydrograph.R:56-57)
hydrograph: no visible global function definition for 'axis'
(D:/temp/Rtmpcdg44R/R.INSTALL288f4575114bd/EcoHydRology/R/hydrograph.R:59-61)
hydrograph: no visible global function definition for 'axis'
(D:/temp/Rtmpcdg44R/R.INSTALL288f4575114bd/EcoHydRology/R/hydrograph.R:63)
swat_objective_function: no visible global function definition for
'read.fortran'
(D:/temp/Rtmpcdg44R/R.INSTALL288f4575114bd/EcoHydRology/R/swat_objective_function.R:11)
swat_objective_function: no visible global function definition for
'plot'
(D:/temp/Rtmpcdg44R/R.INSTALL288f4575114bd/EcoHydRology/R/swat_objective_function.R:25)
swat_objective_function: no visible global function definition for
'lines'
(D:/temp/Rtmpcdg44R/R.INSTALL288f4575114bd/EcoHydRology/R/swat_objective_function.R:26)
swat_objective_function_rch: no visible global function definition for
'runif'
(D:/temp/Rtmpcdg44R/R.INSTALL288f4575114bd/EcoHydRology/R/swat_objective_function_rch.R:5)
swat_objective_function_rch: no visible global function definition for
'read.fortran'
(D:/temp/Rtmpcdg44R/R.INSTALL288f4575114bd/EcoHydRology/R/swat_objective_function_rch.R:16)
testSWAT2005 : runSWAT2005: no visible global function definition for
'read.fortran'
(D:/temp/Rtmpcdg44R/R.INSTALL288f4575114bd/EcoHydRology/R/testSWAT2005.R:23-24)
Undefined global functions or variables:
axis barplot download.file lines mtext na.omit par plot quantile
read.csv read.delim read.fortran runif
Consider adding
importFrom("graphics", "axis", "barplot", "lines", "mtext", "par",
"plot")
importFrom("stats", "na.omit", "quantile", "runif")
importFrom("utils", "download.file", "read.csv", "read.delim",
"read.fortran")
to your NAMESPACE file.
Flavor: r-oldrel-windows-ix86+x86_64
Version: 0.4.12
Check: R code for possible problems
Result: NOTE
BaseflowSeparation: no visible global function definition for
‘quantile’
(/Volumes/XT3/Builds/R-dev-web/QA/Simon/packages/el-capitan-x86_64/results/3.4/EcoHydRology.Rcheck/00_pkg_src/EcoHydRology/R/BaseflowSeparation.R:8)
SWAT2005: no visible global function definition for ‘read.fortran’
(/Volumes/XT3/Builds/R-dev-web/QA/Simon/packages/el-capitan-x86_64/results/3.4/EcoHydRology.Rcheck/00_pkg_src/EcoHydRology/R/SWAT2005.R:16)
alter_files: no visible global function definition for ‘read.fortran’
(/Volumes/XT3/Builds/R-dev-web/QA/Simon/packages/el-capitan-x86_64/results/3.4/EcoHydRology.Rcheck/00_pkg_src/EcoHydRology/R/alter_files.R:22)
build_gsod_forcing_data: no visible global function definition for
‘na.omit’
(/Volumes/XT3/Builds/R-dev-web/QA/Simon/packages/el-capitan-x86_64/results/3.4/EcoHydRology.Rcheck/00_pkg_src/EcoHydRology/R/build_gsod_forcing_data.R:33)
get_cfsr_latlon: no visible global function definition for
‘download.file’
(/Volumes/XT3/Builds/R-dev-web/QA/Simon/packages/el-capitan-x86_64/results/3.4/EcoHydRology.Rcheck/00_pkg_src/EcoHydRology/R/get_cfsr_latlon.R:10)
get_cfsr_latlon: no visible global function definition for ‘read.csv’
(/Volumes/XT3/Builds/R-dev-web/QA/Simon/packages/el-capitan-x86_64/results/3.4/EcoHydRology.Rcheck/00_pkg_src/EcoHydRology/R/get_cfsr_latlon.R:11)
get_gsod_stn: no visible global function definition for ‘read.csv’
(/Volumes/XT3/Builds/R-dev-web/QA/Simon/packages/el-capitan-x86_64/results/3.4/EcoHydRology.Rcheck/00_pkg_src/EcoHydRology/R/get_gsod_stn.R:22-23)
get_gsod_stn: no visible global function definition for ‘download.file’
(/Volumes/XT3/Builds/R-dev-web/QA/Simon/packages/el-capitan-x86_64/results/3.4/EcoHydRology.Rcheck/00_pkg_src/EcoHydRology/R/get_gsod_stn.R:44)
get_usgs_gage: no visible global function definition for ‘read.delim’
(/Volumes/XT3/Builds/R-dev-web/QA/Simon/packages/el-capitan-x86_64/results/3.4/EcoHydRology.Rcheck/00_pkg_src/EcoHydRology/R/get_usgs_gage.R:10)
get_usgs_gage: no visible global function definition for ‘read.delim’
(/Volumes/XT3/Builds/R-dev-web/QA/Simon/packages/el-capitan-x86_64/results/3.4/EcoHydRology.Rcheck/00_pkg_src/EcoHydRology/R/get_usgs_gage.R:25)
get_usgs_gage: no visible global function definition for ‘na.omit’
(/Volumes/XT3/Builds/R-dev-web/QA/Simon/packages/el-capitan-x86_64/results/3.4/EcoHydRology.Rcheck/00_pkg_src/EcoHydRology/R/get_usgs_gage.R:28)
hydrograph: no visible global function definition for ‘par’
(/Volumes/XT3/Builds/R-dev-web/QA/Simon/packages/el-capitan-x86_64/results/3.4/EcoHydRology.Rcheck/00_pkg_src/EcoHydRology/R/hydrograph.R:15)
hydrograph: no visible global function definition for ‘barplot’
(/Volumes/XT3/Builds/R-dev-web/QA/Simon/packages/el-capitan-x86_64/results/3.4/EcoHydRology.Rcheck/00_pkg_src/EcoHydRology/R/hydrograph.R:16-18)
hydrograph: no visible global function definition for ‘na.omit’
(/Volumes/XT3/Builds/R-dev-web/QA/Simon/packages/el-capitan-x86_64/results/3.4/EcoHydRology.Rcheck/00_pkg_src/EcoHydRology/R/hydrograph.R:16-18)
hydrograph: no visible global function definition for ‘axis’
(/Volumes/XT3/Builds/R-dev-web/QA/Simon/packages/el-capitan-x86_64/results/3.4/EcoHydRology.Rcheck/00_pkg_src/EcoHydRology/R/hydrograph.R:19)
hydrograph: no visible global function definition for ‘axis’
(/Volumes/XT3/Builds/R-dev-web/QA/Simon/packages/el-capitan-x86_64/results/3.4/EcoHydRology.Rcheck/00_pkg_src/EcoHydRology/R/hydrograph.R:20-26)
hydrograph: no visible global function definition for ‘na.omit’
(/Volumes/XT3/Builds/R-dev-web/QA/Simon/packages/el-capitan-x86_64/results/3.4/EcoHydRology.Rcheck/00_pkg_src/EcoHydRology/R/hydrograph.R:20-26)
hydrograph: no visible global function definition for ‘mtext’
(/Volumes/XT3/Builds/R-dev-web/QA/Simon/packages/el-capitan-x86_64/results/3.4/EcoHydRology.Rcheck/00_pkg_src/EcoHydRology/R/hydrograph.R:28)
hydrograph: no visible global function definition for ‘mtext’
(/Volumes/XT3/Builds/R-dev-web/QA/Simon/packages/el-capitan-x86_64/results/3.4/EcoHydRology.Rcheck/00_pkg_src/EcoHydRology/R/hydrograph.R:27-29)
hydrograph: no visible global function definition for ‘par’
(/Volumes/XT3/Builds/R-dev-web/QA/Simon/packages/el-capitan-x86_64/results/3.4/EcoHydRology.Rcheck/00_pkg_src/EcoHydRology/R/hydrograph.R:30)
hydrograph: no visible global function definition for ‘barplot’
(/Volumes/XT3/Builds/R-dev-web/QA/Simon/packages/el-capitan-x86_64/results/3.4/EcoHydRology.Rcheck/00_pkg_src/EcoHydRology/R/hydrograph.R:33-35)
hydrograph: no visible global function definition for ‘na.omit’
(/Volumes/XT3/Builds/R-dev-web/QA/Simon/packages/el-capitan-x86_64/results/3.4/EcoHydRology.Rcheck/00_pkg_src/EcoHydRology/R/hydrograph.R:33-35)
hydrograph: no visible global function definition for ‘par’
(/Volumes/XT3/Builds/R-dev-web/QA/Simon/packages/el-capitan-x86_64/results/3.4/EcoHydRology.Rcheck/00_pkg_src/EcoHydRology/R/hydrograph.R:36)
hydrograph: no visible global function definition for ‘plot’
(/Volumes/XT3/Builds/R-dev-web/QA/Simon/packages/el-capitan-x86_64/results/3.4/EcoHydRology.Rcheck/00_pkg_src/EcoHydRology/R/hydrograph.R:39-42)
hydrograph: no visible global function definition for ‘na.omit’
(/Volumes/XT3/Builds/R-dev-web/QA/Simon/packages/el-capitan-x86_64/results/3.4/EcoHydRology.Rcheck/00_pkg_src/EcoHydRology/R/hydrograph.R:39-42)
hydrograph: no visible global function definition for ‘mtext’
(/Volumes/XT3/Builds/R-dev-web/QA/Simon/packages/el-capitan-x86_64/results/3.4/EcoHydRology.Rcheck/00_pkg_src/EcoHydRology/R/hydrograph.R:45)
hydrograph: no visible global function definition for ‘mtext’
(/Volumes/XT3/Builds/R-dev-web/QA/Simon/packages/el-capitan-x86_64/results/3.4/EcoHydRology.Rcheck/00_pkg_src/EcoHydRology/R/hydrograph.R:47)
hydrograph: no visible global function definition for ‘mtext’
(/Volumes/XT3/Builds/R-dev-web/QA/Simon/packages/el-capitan-x86_64/results/3.4/EcoHydRology.Rcheck/00_pkg_src/EcoHydRology/R/hydrograph.R:44-48)
hydrograph: no visible global function definition for ‘lines’
(/Volumes/XT3/Builds/R-dev-web/QA/Simon/packages/el-capitan-x86_64/results/3.4/EcoHydRology.Rcheck/00_pkg_src/EcoHydRology/R/hydrograph.R:49-50)
hydrograph: no visible global function definition for ‘lines’
(/Volumes/XT3/Builds/R-dev-web/QA/Simon/packages/el-capitan-x86_64/results/3.4/EcoHydRology.Rcheck/00_pkg_src/EcoHydRology/R/hydrograph.R:52-53)
hydrograph: no visible global function definition for ‘lines’
(/Volumes/XT3/Builds/R-dev-web/QA/Simon/packages/el-capitan-x86_64/results/3.4/EcoHydRology.Rcheck/00_pkg_src/EcoHydRology/R/hydrograph.R:56-57)
hydrograph: no visible global function definition for ‘axis’
(/Volumes/XT3/Builds/R-dev-web/QA/Simon/packages/el-capitan-x86_64/results/3.4/EcoHydRology.Rcheck/00_pkg_src/EcoHydRology/R/hydrograph.R:59-61)
hydrograph: no visible global function definition for ‘axis’
(/Volumes/XT3/Builds/R-dev-web/QA/Simon/packages/el-capitan-x86_64/results/3.4/EcoHydRology.Rcheck/00_pkg_src/EcoHydRology/R/hydrograph.R:63)
swat_objective_function: no visible global function definition for
‘read.fortran’
(/Volumes/XT3/Builds/R-dev-web/QA/Simon/packages/el-capitan-x86_64/results/3.4/EcoHydRology.Rcheck/00_pkg_src/EcoHydRology/R/swat_objective_function.R:11)
swat_objective_function: no visible global function definition for
‘plot’
(/Volumes/XT3/Builds/R-dev-web/QA/Simon/packages/el-capitan-x86_64/results/3.4/EcoHydRology.Rcheck/00_pkg_src/EcoHydRology/R/swat_objective_function.R:25)
swat_objective_function: no visible global function definition for
‘lines’
(/Volumes/XT3/Builds/R-dev-web/QA/Simon/packages/el-capitan-x86_64/results/3.4/EcoHydRology.Rcheck/00_pkg_src/EcoHydRology/R/swat_objective_function.R:26)
swat_objective_function_rch: no visible global function definition for
‘runif’
(/Volumes/XT3/Builds/R-dev-web/QA/Simon/packages/el-capitan-x86_64/results/3.4/EcoHydRology.Rcheck/00_pkg_src/EcoHydRology/R/swat_objective_function_rch.R:5)
swat_objective_function_rch: no visible global function definition for
‘read.fortran’
(/Volumes/XT3/Builds/R-dev-web/QA/Simon/packages/el-capitan-x86_64/results/3.4/EcoHydRology.Rcheck/00_pkg_src/EcoHydRology/R/swat_objective_function_rch.R:16)
testSWAT2005 : runSWAT2005: no visible global function definition for
‘read.fortran’
(/Volumes/XT3/Builds/R-dev-web/QA/Simon/packages/el-capitan-x86_64/results/3.4/EcoHydRology.Rcheck/00_pkg_src/EcoHydRology/R/testSWAT2005.R:23-24)
Undefined global functions or variables:
axis barplot download.file lines mtext na.omit par plot quantile
read.csv read.delim read.fortran runif
Consider adding
importFrom("graphics", "axis", "barplot", "lines", "mtext", "par",
"plot")
importFrom("stats", "na.omit", "quantile", "runif")
importFrom("utils", "download.file", "read.csv", "read.delim",
"read.fortran")
to your NAMESPACE file.
Flavor: r-oldrel-osx-x86_64