CRAN Package Check Results for Package EloChoice

Last updated on 2018-06-20 01:50:12 CEST.

Flavor Version Tinstall Tcheck Ttotal Status Flags
r-devel-linux-x86_64-debian-clang 0.29 24.12 49.19 73.31 NOTE
r-devel-linux-x86_64-debian-gcc 0.29 19.05 39.61 58.66 NOTE
r-devel-linux-x86_64-fedora-clang 0.29 98.54 NOTE
r-devel-linux-x86_64-fedora-gcc 0.29 88.72 NOTE
r-devel-windows-ix86+x86_64 0.29 60.00 91.00 151.00 OK
r-patched-linux-x86_64 0.29 23.25 46.32 69.57 NOTE
r-patched-solaris-x86 0.29 127.50 OK
r-release-linux-x86_64 0.29 25.98 45.76 71.74 NOTE
r-release-windows-ix86+x86_64 0.29 41.00 115.00 156.00 OK
r-release-osx-x86_64 0.29 OK
r-oldrel-windows-ix86+x86_64 0.29 60.00 90.00 150.00 OK
r-oldrel-osx-x86_64 0.29 OK

Check Details

Version: 0.29
Check: compiled code
Result: NOTE
    File ‘EloChoice/libs/EloChoice.so’:
     Found no calls to: ‘R_registerRoutines’, ‘R_useDynamicSymbols’
    
    It is good practice to register native routines and to disable symbol
    search.
    
    See ‘Writing portable packages’ in the ‘Writing R Extensions’ manual.
Flavors: r-devel-linux-x86_64-debian-clang, r-devel-linux-x86_64-debian-gcc, r-devel-linux-x86_64-fedora-clang, r-devel-linux-x86_64-fedora-gcc, r-patched-linux-x86_64, r-release-linux-x86_64