Last updated on 2018-06-20 01:50:13 CEST.
Flavor | Version | Tinstall | Tcheck | Ttotal | Status | Flags |
---|---|---|---|---|---|---|
r-devel-linux-x86_64-debian-clang | 0.2.0 | 3.84 | 61.48 | 65.32 | OK | |
r-devel-linux-x86_64-debian-gcc | 0.2.0 | 2.66 | 46.04 | 48.70 | OK | |
r-devel-linux-x86_64-fedora-clang | 0.2.0 | 76.08 | NOTE | |||
r-devel-linux-x86_64-fedora-gcc | 0.2.0 | 74.67 | NOTE | |||
r-devel-windows-ix86+x86_64 | 0.2.0 | 17.00 | 104.00 | 121.00 | OK | |
r-patched-linux-x86_64 | 0.2.0 | 3.15 | 56.63 | 59.78 | OK | |
r-patched-solaris-x86 | 0.2.0 | 114.40 | NOTE | |||
r-release-linux-x86_64 | 0.2.0 | 3.66 | 56.27 | 59.93 | OK | |
r-release-windows-ix86+x86_64 | 0.2.0 | 7.00 | 65.00 | 72.00 | OK | |
r-release-osx-x86_64 | 0.2.0 | NOTE | ||||
r-oldrel-windows-ix86+x86_64 | 0.2.0 | 6.00 | 97.00 | 103.00 | OK | |
r-oldrel-osx-x86_64 | 0.2.0 | NOTE |
Version: 0.2.0
Check: dependencies in R code
Result: NOTE
Namespaces in Imports field not imported from:
‘CodeDepends’ ‘DT’ ‘PKI’ ‘shinycssloaders’ ‘tictoc’
All declared Imports should be used.
Flavors: r-devel-linux-x86_64-fedora-clang, r-devel-linux-x86_64-fedora-gcc, r-patched-solaris-x86, r-release-osx-x86_64, r-oldrel-osx-x86_64